{"id":10120,"date":"2022-09-30T13:34:17","date_gmt":"2022-09-30T11:34:17","guid":{"rendered":"https:\/\/www.fampa-valencia.org\/?page_id=10120\/"},"modified":"2023-09-09T10:16:24","modified_gmt":"2023-09-09T08:16:24","slug":"aprender-a-aprender","status":"publish","type":"page","link":"https:\/\/www.fampa-valencia.org\/es\/aprender-a-aprender\/","title":{"rendered":"Aprender a aprender"},"content":{"rendered":"\n<p>Este curso es dos sesiones, una con las familias y la otra con los ni\u00f1os y ni\u00f1as desde tercero de primaria .<\/p>\n\n\n\n<p>Nuestra propuesta nace de la necesidad de sensibilizar a madres y padres sobre su importante papel respecto a la situaci\u00f3n escolar de sus &nbsp;hijas e hijos, con el objetivo de mejorar la calidad del estudio a casa, y as\u00ed incrementar el rendimiento acad\u00e9mico y prevenir el problema creciente que representa el fracaso escolar.<\/p>\n\n\n\n<p>Los objetivos principales a desarrollar son:<\/p>\n\n\n\n<p>\u2022&nbsp;&nbsp;&nbsp;&nbsp;&nbsp;&nbsp;&nbsp;&nbsp;&nbsp; Ense\u00f1ar y concienciar sobre la utilidad de las t\u00e9cnicas de estudio.<\/p>\n\n\n\n<p>\u2022&nbsp;&nbsp;&nbsp;&nbsp;&nbsp;&nbsp;&nbsp;&nbsp;&nbsp; Mejorar la comunicaci\u00f3n familiar para posibilitar el di\u00e1logo y crear un espacio de confianza con libertad para compartir las preocupaciones generadas por el proceso educativo.<\/p>\n\n\n\n<p>\u2022&nbsp;&nbsp;&nbsp;&nbsp;&nbsp;&nbsp;&nbsp;&nbsp;&nbsp; Ofrecer estrategias a las\/los ni\u00f1as\/ni\u00f1os que asistan a la sesi\u00f3n con sus familiares, &nbsp;de organizaci\u00f3n y planificaci\u00f3n.<\/p>\n\n\n\n<p>\u2022&nbsp;&nbsp;&nbsp;&nbsp;&nbsp;&nbsp;&nbsp;&nbsp;&nbsp; Fortalecimiento del sentimiento de competencia de madres y padres como agentes de ayuda en los estudios de sus hijas e hijos.<\/p>\n\n\n\n<p>Contenidos:<br>\u2022 Contenidos b\u00e1sicos de los procesos cognitivos que favorecen\/dificultan el rendimiento escolar: ideas irracionales, expectativas,\u2026<br>\u2022 H\u00e1bitos de estudio.<br>\u2022 T\u00e9cnicas de estudio.<br>\u2022 El papel como madres\/padres.<br>As\u00ed mismo la p\u00e1gina web ofrece la ventaja de servir como plataforma de contacto y nexo de uni\u00f3n entre madres\/padres participantes en el taller, permitiendo la posibilidad de compartir experiencias e impresiones.<\/p>\n","protected":false},"excerpt":{"rendered":"<p>Este curso es dos sesiones, una con las familias y la otra con los ni\u00f1os y ni\u00f1as desde tercero de primaria . Nuestra propuesta nace de [&hellip;]<\/p>\n","protected":false},"author":5,"featured_media":0,"parent":0,"menu_order":0,"comment_status":"closed","ping_status":"closed","template":"","meta":[],"yoast_head":"<!-- This site is optimized with the Yoast SEO plugin v19.2 - https:\/\/yoast.com\/wordpress\/plugins\/seo\/ -->\n<title>Aprender a aprender | FAMPA Val\u00e8ncia<\/title>\n<meta name=\"robots\" content=\"index, follow, max-snippet:-1, max-image-preview:large, max-video-preview:-1\" \/>\n<link rel=\"canonical\" href=\"https:\/\/www.fampa-valencia.org\/es\/aprender-a-aprender\/\" \/>\n<meta property=\"og:locale\" content=\"es_ES\" \/>\n<meta property=\"og:type\" content=\"article\" \/>\n<meta property=\"og:title\" content=\"Aprender a aprender | FAMPA Val\u00e8ncia\" \/>\n<meta property=\"og:description\" content=\"Este curso es dos sesiones, una con las familias y la otra con los ni\u00f1os y ni\u00f1as desde tercero de primaria . Nuestra propuesta nace de [&hellip;]\" \/>\n<meta property=\"og:url\" content=\"https:\/\/www.fampa-valencia.org\/es\/aprender-a-aprender\/\" \/>\n<meta property=\"og:site_name\" content=\"FAMPA Val\u00e8ncia\" \/>\n<meta property=\"article:publisher\" content=\"https:\/\/www.facebook.com\/fapa.valencia\/?fref=ts\" \/>\n<meta property=\"article:modified_time\" content=\"2023-09-09T08:16:24+00:00\" \/>\n<meta name=\"author\" content=\"FAMPA Val\u00e8ncia\" \/>\n<meta name=\"twitter:card\" content=\"summary\" \/>\n<meta name=\"twitter:site\" content=\"@FAPAValencia\" \/>\n<meta name=\"twitter:label1\" content=\"Tiempo de lectura\" \/>\n\t<meta name=\"twitter:data1\" content=\"2 minutos\" \/>\n<script type=\"application\/ld+json\" class=\"yoast-schema-graph\">{\"@context\":\"https:\/\/schema.org\",\"@graph\":[{\"@type\":\"WebSite\",\"@id\":\"https:\/\/www.fampa-valencia.org\/#website\",\"url\":\"https:\/\/www.fampa-valencia.org\/\",\"name\":\"FAMPA Val\u00e8ncia\",\"description\":\"Fampa-Valencia. Federaci\u00f3n de Asociaciones de Padres i Madres de Alumnos Provincia de Valencia\",\"potentialAction\":[{\"@type\":\"SearchAction\",\"target\":{\"@type\":\"EntryPoint\",\"urlTemplate\":\"https:\/\/www.fampa-valencia.org\/?s={search_term_string}\"},\"query-input\":\"required name=search_term_string\"}],\"inLanguage\":\"es\"},{\"@type\":\"WebPage\",\"@id\":\"https:\/\/www.fampa-valencia.org\/es\/aprender-a-aprender\/#webpage\",\"url\":\"https:\/\/www.fampa-valencia.org\/es\/aprender-a-aprender\/\",\"name\":\"Aprender a aprender | FAMPA Val\u00e8ncia\",\"isPartOf\":{\"@id\":\"https:\/\/www.fampa-valencia.org\/#website\"},\"datePublished\":\"2022-09-30T11:34:17+00:00\",\"dateModified\":\"2023-09-09T08:16:24+00:00\",\"breadcrumb\":{\"@id\":\"https:\/\/www.fampa-valencia.org\/es\/aprender-a-aprender\/#breadcrumb\"},\"inLanguage\":\"es\",\"potentialAction\":[{\"@type\":\"ReadAction\",\"target\":[\"https:\/\/www.fampa-valencia.org\/es\/aprender-a-aprender\/\"]}]},{\"@type\":\"BreadcrumbList\",\"@id\":\"https:\/\/www.fampa-valencia.org\/es\/aprender-a-aprender\/#breadcrumb\",\"itemListElement\":[{\"@type\":\"ListItem\",\"position\":1,\"name\":\"Inici\",\"item\":\"https:\/\/www.fampa-valencia.org\/es\/\"},{\"@type\":\"ListItem\",\"position\":2,\"name\":\"Aprender a aprender\"}]}]}<\/script>\n<!-- \/ Yoast SEO plugin. -->","yoast_head_json":{"title":"Aprender a aprender | FAMPA Val\u00e8ncia","robots":{"index":"index","follow":"follow","max-snippet":"max-snippet:-1","max-image-preview":"max-image-preview:large","max-video-preview":"max-video-preview:-1"},"canonical":"https:\/\/www.fampa-valencia.org\/es\/aprender-a-aprender\/","og_locale":"es_ES","og_type":"article","og_title":"Aprender a aprender | FAMPA Val\u00e8ncia","og_description":"Este curso es dos sesiones, una con las familias y la otra con los ni\u00f1os y ni\u00f1as desde tercero de primaria . Nuestra propuesta nace de [&hellip;]","og_url":"https:\/\/www.fampa-valencia.org\/es\/aprender-a-aprender\/","og_site_name":"FAMPA Val\u00e8ncia","article_publisher":"https:\/\/www.facebook.com\/fapa.valencia\/?fref=ts","article_modified_time":"2023-09-09T08:16:24+00:00","author":"FAMPA Val\u00e8ncia","twitter_card":"summary","twitter_site":"@FAPAValencia","twitter_misc":{"Tiempo de lectura":"2 minutos"},"schema":{"@context":"https:\/\/schema.org","@graph":[{"@type":"WebSite","@id":"https:\/\/www.fampa-valencia.org\/#website","url":"https:\/\/www.fampa-valencia.org\/","name":"FAMPA Val\u00e8ncia","description":"Fampa-Valencia. Federaci\u00f3n de Asociaciones de Padres i Madres de Alumnos Provincia de Valencia","potentialAction":[{"@type":"SearchAction","target":{"@type":"EntryPoint","urlTemplate":"https:\/\/www.fampa-valencia.org\/?s={search_term_string}"},"query-input":"required name=search_term_string"}],"inLanguage":"es"},{"@type":"WebPage","@id":"https:\/\/www.fampa-valencia.org\/es\/aprender-a-aprender\/#webpage","url":"https:\/\/www.fampa-valencia.org\/es\/aprender-a-aprender\/","name":"Aprender a aprender | FAMPA Val\u00e8ncia","isPartOf":{"@id":"https:\/\/www.fampa-valencia.org\/#website"},"datePublished":"2022-09-30T11:34:17+00:00","dateModified":"2023-09-09T08:16:24+00:00","breadcrumb":{"@id":"https:\/\/www.fampa-valencia.org\/es\/aprender-a-aprender\/#breadcrumb"},"inLanguage":"es","potentialAction":[{"@type":"ReadAction","target":["https:\/\/www.fampa-valencia.org\/es\/aprender-a-aprender\/"]}]},{"@type":"BreadcrumbList","@id":"https:\/\/www.fampa-valencia.org\/es\/aprender-a-aprender\/#breadcrumb","itemListElement":[{"@type":"ListItem","position":1,"name":"Inici","item":"https:\/\/www.fampa-valencia.org\/es\/"},{"@type":"ListItem","position":2,"name":"Aprender a aprender"}]}]}},"_links":{"self":[{"href":"https:\/\/www.fampa-valencia.org\/es\/wp-json\/wp\/v2\/pages\/10120"}],"collection":[{"href":"https:\/\/www.fampa-valencia.org\/es\/wp-json\/wp\/v2\/pages"}],"about":[{"href":"https:\/\/www.fampa-valencia.org\/es\/wp-json\/wp\/v2\/types\/page"}],"author":[{"embeddable":true,"href":"https:\/\/www.fampa-valencia.org\/es\/wp-json\/wp\/v2\/users\/5"}],"replies":[{"embeddable":true,"href":"https:\/\/www.fampa-valencia.org\/es\/wp-json\/wp\/v2\/comments?post=10120"}],"version-history":[{"count":5,"href":"https:\/\/www.fampa-valencia.org\/es\/wp-json\/wp\/v2\/pages\/10120\/revisions"}],"predecessor-version":[{"id":10861,"href":"https:\/\/www.fampa-valencia.org\/es\/wp-json\/wp\/v2\/pages\/10120\/revisions\/10861"}],"wp:attachment":[{"href":"https:\/\/www.fampa-valencia.org\/es\/wp-json\/wp\/v2\/media?parent=10120"}],"curies":[{"name":"wp","href":"https:\/\/api.w.org\/{rel}","templated":true}]}}

<p>Este curso es dos sesiones, una con las familias y la otra con los niños y niñas desde tercero de primaria .</p>



<p>Nuestra propuesta nace de la necesidad de sensibilizar a madres y padres sobre su importante papel respecto a la situación escolar de sus &nbsp;hijas e hijos, con el objetivo de mejorar la calidad del estudio a casa, y así incrementar el rendimiento académico y prevenir el problema creciente que representa el fracaso escolar.</p>



<p>Los objetivos principales a desarrollar son:</p>



<p>•&nbsp;&nbsp;&nbsp;&nbsp;&nbsp;&nbsp;&nbsp;&nbsp;&nbsp; Enseñar y concienciar sobre la utilidad de las técnicas de estudio.</p>



<p>•&nbsp;&nbsp;&nbsp;&nbsp;&nbsp;&nbsp;&nbsp;&nbsp;&nbsp; Mejorar la comunicación familiar para posibilitar el diálogo y crear un espacio de confianza con libertad para compartir las preocupaciones generadas por el proceso educativo.</p>



<p>•&nbsp;&nbsp;&nbsp;&nbsp;&nbsp;&nbsp;&nbsp;&nbsp;&nbsp; Ofrecer estrategias a las/los niñas/niños que asistan a la sesión con sus familiares, &nbsp;de organización y planificación.</p>



<p>•&nbsp;&nbsp;&nbsp;&nbsp;&nbsp;&nbsp;&nbsp;&nbsp;&nbsp; Fortalecimiento del sentimiento de competencia de madres y padres como agentes de ayuda en los estudios de sus hijas e hijos.</p>



<p>Contenidos:<br>• Contenidos básicos de los procesos cognitivos que favorecen/dificultan el rendimiento escolar: ideas irracionales, expectativas,…<br>• Hábitos de estudio.<br>• Técnicas de estudio.<br>• El papel como madres/padres.<br>Así mismo la página web ofrece la ventaja de servir como plataforma de contacto y nexo de unión entre madres/padres participantes en el taller, permitiendo la posibilidad de compartir experiencias e impresiones.</p>

<p>Este curso es dos sesiones, una con las familias y la otra con los niños y niñas desde tercero de primaria . Nuestra propuesta nace de [&hellip;]</p>

<!-- This site is optimized with the Yoast SEO plugin v19.2 - https://yoast.com/wordpress/plugins/seo/ -->
<title>Aprender a aprender | FAMPA València</title>
<meta name="robots" content="index, follow, max-snippet:-1, max-image-preview:large, max-video-preview:-1" />
<link rel="canonical" href="https://www.fampa-valencia.org/es/aprender-a-aprender/" />
<meta property="og:locale" content="es_ES" />
<meta property="og:type" content="article" />
<meta property="og:title" content="Aprender a aprender | FAMPA València" />
<meta property="og:description" content="Este curso es dos sesiones, una con las familias y la otra con los niños y niñas desde tercero de primaria . Nuestra propuesta nace de [&hellip;]" />
<meta property="og:url" content="https://www.fampa-valencia.org/es/aprender-a-aprender/" />
<meta property="og:site_name" content="FAMPA València" />
<meta property="article:publisher" content="https://www.facebook.com/fapa.valencia/?fref=ts" />
<meta property="article:modified_time" content="2023-09-09T08:16:24+00:00" />
<meta name="author" content="FAMPA València" />
<meta name="twitter:card" content="summary" />
<meta name="twitter:site" content="@FAPAValencia" />
<meta name="twitter:label1" content="Tiempo de lectura" />
	<meta name="twitter:data1" content="2 minutos" />
<script type="application/ld+json" class="yoast-schema-graph">{"@context":"https://schema.org","@graph":[{"@type":"WebSite","@id":"https://www.fampa-valencia.org/#website","url":"https://www.fampa-valencia.org/","name":"FAMPA València","description":"Fampa-Valencia. Federación de Asociaciones de Padres i Madres de Alumnos Provincia de Valencia","potentialAction":[{"@type":"SearchAction","target":{"@type":"EntryPoint","urlTemplate":"https://www.fampa-valencia.org/?s={search_term_string}"},"query-input":"required name=search_term_string"}],"inLanguage":"es"},{"@type":"WebPage","@id":"https://www.fampa-valencia.org/es/aprender-a-aprender/#webpage","url":"https://www.fampa-valencia.org/es/aprender-a-aprender/","name":"Aprender a aprender | FAMPA València","isPartOf":{"@id":"https://www.fampa-valencia.org/#website"},"datePublished":"2022-09-30T11:34:17+00:00","dateModified":"2023-09-09T08:16:24+00:00","breadcrumb":{"@id":"https://www.fampa-valencia.org/es/aprender-a-aprender/#breadcrumb"},"inLanguage":"es","potentialAction":[{"@type":"ReadAction","target":["https://www.fampa-valencia.org/es/aprender-a-aprender/"]}]},{"@type":"BreadcrumbList","@id":"https://www.fampa-valencia.org/es/aprender-a-aprender/#breadcrumb","itemListElement":[{"@type":"ListItem","position":1,"name":"Inici","item":"https://www.fampa-valencia.org/es/"},{"@type":"ListItem","position":2,"name":"Aprender a aprender"}]}]}</script>
<!-- / Yoast SEO plugin. -->

Aprender a aprender | FAMPA València

Este curso es dos sesiones, una con las familias y la otra con los niños y niñas desde tercero de primaria . Nuestra propuesta nace de [&hellip;]

FAMPA València

Fampa-Valencia. Federación de Asociaciones de Padres i Madres de Alumnos Provincia de Valencia
