{"id":10144,"date":"2022-10-03T12:06:39","date_gmt":"2022-10-03T10:06:39","guid":{"rendered":"https:\/\/www.fampa-valencia.org\/?page_id=10144\/"},"modified":"2022-10-03T12:06:41","modified_gmt":"2022-10-03T10:06:41","slug":"el-alumnado-que-finaliza-la-eso-que-puede-hacer","status":"publish","type":"page","link":"https:\/\/www.fampa-valencia.org\/es\/el-alumnado-que-finaliza-la-eso-que-puede-hacer\/","title":{"rendered":"El alumnado que finaliza la ESO, \u00bfqu\u00e9 puede hacer?"},"content":{"rendered":"\n<p>Curso dirigido a madres y padres con el objetivo de mostrar el abanico de posibilidades que hay al acabar la Educaci\u00f3n Secundaria Obligatoria y ofrecer herramientas y criterios para escoger un itinerario u otro y orientar nuestras hijas e hijos porque as\u00ed lo puedan hacer.<\/p>\n\n\n\n<p>Nuestro trabajo en esta \u00e1rea pretende dotar a las familias de herramientas y criterios en la hora de orientar las y los adolescentes en el proceso de decidir qu\u00e9 proceso formativo es lo m\u00e1s adecuado una vez finalizados los estudios obligatorios, tanto si han obtenido el Graduado en ESO como si no han llegado a aprobarlo.<\/p>\n\n\n\n<p>Con los cambios que se est\u00e1n trabajando por la actual ley de educaci\u00f3n LOMLOE en los curr\u00edculum de la Educaci\u00f3n Obligatoria Secundaria y en Bachiller.<\/p>\n","protected":false},"excerpt":{"rendered":"<p>Curso dirigido a madres y padres con el objetivo de mostrar el abanico de posibilidades que hay al acabar la Educaci\u00f3n Secundaria Obligatoria y ofrecer herramientas [&hellip;]<\/p>\n","protected":false},"author":5,"featured_media":0,"parent":0,"menu_order":0,"comment_status":"closed","ping_status":"closed","template":"","meta":[],"yoast_head":"<!-- This site is optimized with the Yoast SEO plugin v19.2 - https:\/\/yoast.com\/wordpress\/plugins\/seo\/ -->\n<title>El alumnado que finaliza la ESO, \u00bfqu\u00e9 puede hacer? | FAMPA Val\u00e8ncia<\/title>\n<meta name=\"robots\" content=\"index, follow, max-snippet:-1, max-image-preview:large, max-video-preview:-1\" \/>\n<link rel=\"canonical\" href=\"https:\/\/www.fampa-valencia.org\/es\/el-alumnado-que-finaliza-la-eso-que-puede-hacer\/\" \/>\n<meta property=\"og:locale\" content=\"es_ES\" \/>\n<meta property=\"og:type\" content=\"article\" \/>\n<meta property=\"og:title\" content=\"El alumnado que finaliza la ESO, \u00bfqu\u00e9 puede hacer? | FAMPA Val\u00e8ncia\" \/>\n<meta property=\"og:description\" content=\"Curso dirigido a madres y padres con el objetivo de mostrar el abanico de posibilidades que hay al acabar la Educaci\u00f3n Secundaria Obligatoria y ofrecer herramientas [&hellip;]\" \/>\n<meta property=\"og:url\" content=\"https:\/\/www.fampa-valencia.org\/es\/el-alumnado-que-finaliza-la-eso-que-puede-hacer\/\" \/>\n<meta property=\"og:site_name\" content=\"FAMPA Val\u00e8ncia\" \/>\n<meta property=\"article:publisher\" content=\"https:\/\/www.facebook.com\/fapa.valencia\/?fref=ts\" \/>\n<meta property=\"article:modified_time\" content=\"2022-10-03T10:06:41+00:00\" \/>\n<meta name=\"author\" content=\"FAMPA Val\u00e8ncia\" \/>\n<meta name=\"twitter:card\" content=\"summary\" \/>\n<meta name=\"twitter:site\" content=\"@FAPAValencia\" \/>\n<meta name=\"twitter:label1\" content=\"Tiempo de lectura\" \/>\n\t<meta name=\"twitter:data1\" content=\"1 minuto\" \/>\n<script type=\"application\/ld+json\" class=\"yoast-schema-graph\">{\"@context\":\"https:\/\/schema.org\",\"@graph\":[{\"@type\":\"WebSite\",\"@id\":\"https:\/\/www.fampa-valencia.org\/#website\",\"url\":\"https:\/\/www.fampa-valencia.org\/\",\"name\":\"FAMPA Val\u00e8ncia\",\"description\":\"Fampa-Valencia. Federaci\u00f3n de Asociaciones de Padres i Madres de Alumnos Provincia de Valencia\",\"potentialAction\":[{\"@type\":\"SearchAction\",\"target\":{\"@type\":\"EntryPoint\",\"urlTemplate\":\"https:\/\/www.fampa-valencia.org\/?s={search_term_string}\"},\"query-input\":\"required name=search_term_string\"}],\"inLanguage\":\"es\"},{\"@type\":\"WebPage\",\"@id\":\"https:\/\/www.fampa-valencia.org\/es\/el-alumnado-que-finaliza-la-eso-que-puede-hacer\/#webpage\",\"url\":\"https:\/\/www.fampa-valencia.org\/es\/el-alumnado-que-finaliza-la-eso-que-puede-hacer\/\",\"name\":\"El alumnado que finaliza la ESO, \u00bfqu\u00e9 puede hacer? | FAMPA Val\u00e8ncia\",\"isPartOf\":{\"@id\":\"https:\/\/www.fampa-valencia.org\/#website\"},\"datePublished\":\"2022-10-03T10:06:39+00:00\",\"dateModified\":\"2022-10-03T10:06:41+00:00\",\"breadcrumb\":{\"@id\":\"https:\/\/www.fampa-valencia.org\/es\/el-alumnado-que-finaliza-la-eso-que-puede-hacer\/#breadcrumb\"},\"inLanguage\":\"es\",\"potentialAction\":[{\"@type\":\"ReadAction\",\"target\":[\"https:\/\/www.fampa-valencia.org\/es\/el-alumnado-que-finaliza-la-eso-que-puede-hacer\/\"]}]},{\"@type\":\"BreadcrumbList\",\"@id\":\"https:\/\/www.fampa-valencia.org\/es\/el-alumnado-que-finaliza-la-eso-que-puede-hacer\/#breadcrumb\",\"itemListElement\":[{\"@type\":\"ListItem\",\"position\":1,\"name\":\"Inici\",\"item\":\"https:\/\/www.fampa-valencia.org\/es\/\"},{\"@type\":\"ListItem\",\"position\":2,\"name\":\"El alumnado que finaliza la ESO, \u00bfqu\u00e9 puede hacer?\"}]}]}<\/script>\n<!-- \/ Yoast SEO plugin. -->","yoast_head_json":{"title":"El alumnado que finaliza la ESO, \u00bfqu\u00e9 puede hacer? | FAMPA Val\u00e8ncia","robots":{"index":"index","follow":"follow","max-snippet":"max-snippet:-1","max-image-preview":"max-image-preview:large","max-video-preview":"max-video-preview:-1"},"canonical":"https:\/\/www.fampa-valencia.org\/es\/el-alumnado-que-finaliza-la-eso-que-puede-hacer\/","og_locale":"es_ES","og_type":"article","og_title":"El alumnado que finaliza la ESO, \u00bfqu\u00e9 puede hacer? | FAMPA Val\u00e8ncia","og_description":"Curso dirigido a madres y padres con el objetivo de mostrar el abanico de posibilidades que hay al acabar la Educaci\u00f3n Secundaria Obligatoria y ofrecer herramientas [&hellip;]","og_url":"https:\/\/www.fampa-valencia.org\/es\/el-alumnado-que-finaliza-la-eso-que-puede-hacer\/","og_site_name":"FAMPA Val\u00e8ncia","article_publisher":"https:\/\/www.facebook.com\/fapa.valencia\/?fref=ts","article_modified_time":"2022-10-03T10:06:41+00:00","author":"FAMPA Val\u00e8ncia","twitter_card":"summary","twitter_site":"@FAPAValencia","twitter_misc":{"Tiempo de lectura":"1 minuto"},"schema":{"@context":"https:\/\/schema.org","@graph":[{"@type":"WebSite","@id":"https:\/\/www.fampa-valencia.org\/#website","url":"https:\/\/www.fampa-valencia.org\/","name":"FAMPA Val\u00e8ncia","description":"Fampa-Valencia. Federaci\u00f3n de Asociaciones de Padres i Madres de Alumnos Provincia de Valencia","potentialAction":[{"@type":"SearchAction","target":{"@type":"EntryPoint","urlTemplate":"https:\/\/www.fampa-valencia.org\/?s={search_term_string}"},"query-input":"required name=search_term_string"}],"inLanguage":"es"},{"@type":"WebPage","@id":"https:\/\/www.fampa-valencia.org\/es\/el-alumnado-que-finaliza-la-eso-que-puede-hacer\/#webpage","url":"https:\/\/www.fampa-valencia.org\/es\/el-alumnado-que-finaliza-la-eso-que-puede-hacer\/","name":"El alumnado que finaliza la ESO, \u00bfqu\u00e9 puede hacer? | FAMPA Val\u00e8ncia","isPartOf":{"@id":"https:\/\/www.fampa-valencia.org\/#website"},"datePublished":"2022-10-03T10:06:39+00:00","dateModified":"2022-10-03T10:06:41+00:00","breadcrumb":{"@id":"https:\/\/www.fampa-valencia.org\/es\/el-alumnado-que-finaliza-la-eso-que-puede-hacer\/#breadcrumb"},"inLanguage":"es","potentialAction":[{"@type":"ReadAction","target":["https:\/\/www.fampa-valencia.org\/es\/el-alumnado-que-finaliza-la-eso-que-puede-hacer\/"]}]},{"@type":"BreadcrumbList","@id":"https:\/\/www.fampa-valencia.org\/es\/el-alumnado-que-finaliza-la-eso-que-puede-hacer\/#breadcrumb","itemListElement":[{"@type":"ListItem","position":1,"name":"Inici","item":"https:\/\/www.fampa-valencia.org\/es\/"},{"@type":"ListItem","position":2,"name":"El alumnado que finaliza la ESO, \u00bfqu\u00e9 puede hacer?"}]}]}},"_links":{"self":[{"href":"https:\/\/www.fampa-valencia.org\/es\/wp-json\/wp\/v2\/pages\/10144"}],"collection":[{"href":"https:\/\/www.fampa-valencia.org\/es\/wp-json\/wp\/v2\/pages"}],"about":[{"href":"https:\/\/www.fampa-valencia.org\/es\/wp-json\/wp\/v2\/types\/page"}],"author":[{"embeddable":true,"href":"https:\/\/www.fampa-valencia.org\/es\/wp-json\/wp\/v2\/users\/5"}],"replies":[{"embeddable":true,"href":"https:\/\/www.fampa-valencia.org\/es\/wp-json\/wp\/v2\/comments?post=10144"}],"version-history":[{"count":1,"href":"https:\/\/www.fampa-valencia.org\/es\/wp-json\/wp\/v2\/pages\/10144\/revisions"}],"predecessor-version":[{"id":10145,"href":"https:\/\/www.fampa-valencia.org\/es\/wp-json\/wp\/v2\/pages\/10144\/revisions\/10145"}],"wp:attachment":[{"href":"https:\/\/www.fampa-valencia.org\/es\/wp-json\/wp\/v2\/media?parent=10144"}],"curies":[{"name":"wp","href":"https:\/\/api.w.org\/{rel}","templated":true}]}}

El alumnado que finaliza la ESO, ¿qué puede hacer?

<p>Curso dirigido a madres y padres con el objetivo de mostrar el abanico de posibilidades que hay al acabar la Educación Secundaria Obligatoria y ofrecer herramientas y criterios para escoger un itinerario u otro y orientar nuestras hijas e hijos porque así lo puedan hacer.</p>



<p>Nuestro trabajo en esta área pretende dotar a las familias de herramientas y criterios en la hora de orientar las y los adolescentes en el proceso de decidir qué proceso formativo es lo más adecuado una vez finalizados los estudios obligatorios, tanto si han obtenido el Graduado en ESO como si no han llegado a aprobarlo.</p>



<p>Con los cambios que se están trabajando por la actual ley de educación LOMLOE en los currículum de la Educación Obligatoria Secundaria y en Bachiller.</p>

<p>Curso dirigido a madres y padres con el objetivo de mostrar el abanico de posibilidades que hay al acabar la Educación Secundaria Obligatoria y ofrecer herramientas [&hellip;]</p>

<!-- This site is optimized with the Yoast SEO plugin v19.2 - https://yoast.com/wordpress/plugins/seo/ -->
<title>El alumnado que finaliza la ESO, ¿qué puede hacer? | FAMPA València</title>
<meta name="robots" content="index, follow, max-snippet:-1, max-image-preview:large, max-video-preview:-1" />
<link rel="canonical" href="https://www.fampa-valencia.org/es/el-alumnado-que-finaliza-la-eso-que-puede-hacer/" />
<meta property="og:locale" content="es_ES" />
<meta property="og:type" content="article" />
<meta property="og:title" content="El alumnado que finaliza la ESO, ¿qué puede hacer? | FAMPA València" />
<meta property="og:description" content="Curso dirigido a madres y padres con el objetivo de mostrar el abanico de posibilidades que hay al acabar la Educación Secundaria Obligatoria y ofrecer herramientas [&hellip;]" />
<meta property="og:url" content="https://www.fampa-valencia.org/es/el-alumnado-que-finaliza-la-eso-que-puede-hacer/" />
<meta property="og:site_name" content="FAMPA València" />
<meta property="article:publisher" content="https://www.facebook.com/fapa.valencia/?fref=ts" />
<meta property="article:modified_time" content="2022-10-03T10:06:41+00:00" />
<meta name="author" content="FAMPA València" />
<meta name="twitter:card" content="summary" />
<meta name="twitter:site" content="@FAPAValencia" />
<meta name="twitter:label1" content="Tiempo de lectura" />
	<meta name="twitter:data1" content="1 minuto" />
<script type="application/ld+json" class="yoast-schema-graph">{"@context":"https://schema.org","@graph":[{"@type":"WebSite","@id":"https://www.fampa-valencia.org/#website","url":"https://www.fampa-valencia.org/","name":"FAMPA València","description":"Fampa-Valencia. Federación de Asociaciones de Padres i Madres de Alumnos Provincia de Valencia","potentialAction":[{"@type":"SearchAction","target":{"@type":"EntryPoint","urlTemplate":"https://www.fampa-valencia.org/?s={search_term_string}"},"query-input":"required name=search_term_string"}],"inLanguage":"es"},{"@type":"WebPage","@id":"https://www.fampa-valencia.org/es/el-alumnado-que-finaliza-la-eso-que-puede-hacer/#webpage","url":"https://www.fampa-valencia.org/es/el-alumnado-que-finaliza-la-eso-que-puede-hacer/","name":"El alumnado que finaliza la ESO, ¿qué puede hacer? | FAMPA València","isPartOf":{"@id":"https://www.fampa-valencia.org/#website"},"datePublished":"2022-10-03T10:06:39+00:00","dateModified":"2022-10-03T10:06:41+00:00","breadcrumb":{"@id":"https://www.fampa-valencia.org/es/el-alumnado-que-finaliza-la-eso-que-puede-hacer/#breadcrumb"},"inLanguage":"es","potentialAction":[{"@type":"ReadAction","target":["https://www.fampa-valencia.org/es/el-alumnado-que-finaliza-la-eso-que-puede-hacer/"]}]},{"@type":"BreadcrumbList","@id":"https://www.fampa-valencia.org/es/el-alumnado-que-finaliza-la-eso-que-puede-hacer/#breadcrumb","itemListElement":[{"@type":"ListItem","position":1,"name":"Inici","item":"https://www.fampa-valencia.org/es/"},{"@type":"ListItem","position":2,"name":"El alumnado que finaliza la ESO, ¿qué puede hacer?"}]}]}</script>
<!-- / Yoast SEO plugin. -->

El alumnado que finaliza la ESO, ¿qué puede hacer? | FAMPA València

Curso dirigido a madres y padres con el objetivo de mostrar el abanico de posibilidades que hay al acabar la Educación Secundaria Obligatoria y ofrecer herramientas [&hellip;]

FAMPA València

Fampa-Valencia. Federación de Asociaciones de Padres i Madres de Alumnos Provincia de Valencia
