{"id":10148,"date":"2022-10-03T12:17:16","date_gmt":"2022-10-03T10:17:16","guid":{"rendered":"https:\/\/www.fampa-valencia.org\/?page_id=10148\/"},"modified":"2022-10-03T12:17:19","modified_gmt":"2022-10-03T10:17:19","slug":"mejora-de-la-atencion-y-concentracion","status":"publish","type":"page","link":"https:\/\/www.fampa-valencia.org\/es\/mejora-de-la-atencion-y-concentracion\/","title":{"rendered":"Mejora de la atenci\u00f3n y concentraci\u00f3n"},"content":{"rendered":"\n<p>Intentamos ofrecer a las familias recursos para mejorar la atenci\u00f3n y concentraci\u00f3n de sus hijas e hijos en el contexto familiar y acad\u00e9mico.<\/p>\n\n\n\n<p>En la actualidad, en el contexto acad\u00e9mico existe alumnado que tiene dificultades a la hora de mantener la atenci\u00f3n y la concentraci\u00f3n, lo cual influye de manera negativa en su nivel y adaptaci\u00f3n curricular.<\/p>\n\n\n\n<p>Hay que tener en cuenta que la concentraci\u00f3n depende en gran parte del grado y del tipo de motivaci\u00f3n que tenga nuestra hija e hijo. Tambi\u00e9n son aspectos importantes: utilizar un espacio f\u00edsico adecuado, preparar con antelaci\u00f3n el que se necesite, evitar distracciones, etc.<\/p>\n\n\n\n<p>Se hablar\u00e1 de los recursos que podemos utilizar las familias para ayudar a nuestras hijas e hijos a mejorar y desarrollar su capacidad de atenci\u00f3n.<\/p>\n","protected":false},"excerpt":{"rendered":"<p>Intentamos ofrecer a las familias recursos para mejorar la atenci\u00f3n y concentraci\u00f3n de sus hijas e hijos en el contexto familiar y acad\u00e9mico. En la actualidad, [&hellip;]<\/p>\n","protected":false},"author":5,"featured_media":0,"parent":0,"menu_order":0,"comment_status":"closed","ping_status":"closed","template":"","meta":[],"yoast_head":"<!-- This site is optimized with the Yoast SEO plugin v19.2 - https:\/\/yoast.com\/wordpress\/plugins\/seo\/ -->\n<title>Mejora de la atenci\u00f3n y concentraci\u00f3n | FAMPA Val\u00e8ncia<\/title>\n<meta name=\"robots\" content=\"index, follow, max-snippet:-1, max-image-preview:large, max-video-preview:-1\" \/>\n<link rel=\"canonical\" href=\"https:\/\/www.fampa-valencia.org\/es\/mejora-de-la-atencion-y-concentracion\/\" \/>\n<meta property=\"og:locale\" content=\"es_ES\" \/>\n<meta property=\"og:type\" content=\"article\" \/>\n<meta property=\"og:title\" content=\"Mejora de la atenci\u00f3n y concentraci\u00f3n | FAMPA Val\u00e8ncia\" \/>\n<meta property=\"og:description\" content=\"Intentamos ofrecer a las familias recursos para mejorar la atenci\u00f3n y concentraci\u00f3n de sus hijas e hijos en el contexto familiar y acad\u00e9mico. En la actualidad, [&hellip;]\" \/>\n<meta property=\"og:url\" content=\"https:\/\/www.fampa-valencia.org\/es\/mejora-de-la-atencion-y-concentracion\/\" \/>\n<meta property=\"og:site_name\" content=\"FAMPA Val\u00e8ncia\" \/>\n<meta property=\"article:publisher\" content=\"https:\/\/www.facebook.com\/fapa.valencia\/?fref=ts\" \/>\n<meta property=\"article:modified_time\" content=\"2022-10-03T10:17:19+00:00\" \/>\n<meta name=\"author\" content=\"FAMPA Val\u00e8ncia\" \/>\n<meta name=\"twitter:card\" content=\"summary\" \/>\n<meta name=\"twitter:site\" content=\"@FAPAValencia\" \/>\n<meta name=\"twitter:label1\" content=\"Tiempo de lectura\" \/>\n\t<meta name=\"twitter:data1\" content=\"1 minuto\" \/>\n<script type=\"application\/ld+json\" class=\"yoast-schema-graph\">{\"@context\":\"https:\/\/schema.org\",\"@graph\":[{\"@type\":\"WebSite\",\"@id\":\"https:\/\/www.fampa-valencia.org\/#website\",\"url\":\"https:\/\/www.fampa-valencia.org\/\",\"name\":\"FAMPA Val\u00e8ncia\",\"description\":\"Fampa-Valencia. Federaci\u00f3n de Asociaciones de Padres i Madres de Alumnos Provincia de Valencia\",\"potentialAction\":[{\"@type\":\"SearchAction\",\"target\":{\"@type\":\"EntryPoint\",\"urlTemplate\":\"https:\/\/www.fampa-valencia.org\/?s={search_term_string}\"},\"query-input\":\"required name=search_term_string\"}],\"inLanguage\":\"es\"},{\"@type\":\"WebPage\",\"@id\":\"https:\/\/www.fampa-valencia.org\/es\/mejora-de-la-atencion-y-concentracion\/#webpage\",\"url\":\"https:\/\/www.fampa-valencia.org\/es\/mejora-de-la-atencion-y-concentracion\/\",\"name\":\"Mejora de la atenci\u00f3n y concentraci\u00f3n | FAMPA Val\u00e8ncia\",\"isPartOf\":{\"@id\":\"https:\/\/www.fampa-valencia.org\/#website\"},\"datePublished\":\"2022-10-03T10:17:16+00:00\",\"dateModified\":\"2022-10-03T10:17:19+00:00\",\"breadcrumb\":{\"@id\":\"https:\/\/www.fampa-valencia.org\/es\/mejora-de-la-atencion-y-concentracion\/#breadcrumb\"},\"inLanguage\":\"es\",\"potentialAction\":[{\"@type\":\"ReadAction\",\"target\":[\"https:\/\/www.fampa-valencia.org\/es\/mejora-de-la-atencion-y-concentracion\/\"]}]},{\"@type\":\"BreadcrumbList\",\"@id\":\"https:\/\/www.fampa-valencia.org\/es\/mejora-de-la-atencion-y-concentracion\/#breadcrumb\",\"itemListElement\":[{\"@type\":\"ListItem\",\"position\":1,\"name\":\"Inici\",\"item\":\"https:\/\/www.fampa-valencia.org\/es\/\"},{\"@type\":\"ListItem\",\"position\":2,\"name\":\"Mejora de la atenci\u00f3n y concentraci\u00f3n\"}]}]}<\/script>\n<!-- \/ Yoast SEO plugin. -->","yoast_head_json":{"title":"Mejora de la atenci\u00f3n y concentraci\u00f3n | FAMPA Val\u00e8ncia","robots":{"index":"index","follow":"follow","max-snippet":"max-snippet:-1","max-image-preview":"max-image-preview:large","max-video-preview":"max-video-preview:-1"},"canonical":"https:\/\/www.fampa-valencia.org\/es\/mejora-de-la-atencion-y-concentracion\/","og_locale":"es_ES","og_type":"article","og_title":"Mejora de la atenci\u00f3n y concentraci\u00f3n | FAMPA Val\u00e8ncia","og_description":"Intentamos ofrecer a las familias recursos para mejorar la atenci\u00f3n y concentraci\u00f3n de sus hijas e hijos en el contexto familiar y acad\u00e9mico. En la actualidad, [&hellip;]","og_url":"https:\/\/www.fampa-valencia.org\/es\/mejora-de-la-atencion-y-concentracion\/","og_site_name":"FAMPA Val\u00e8ncia","article_publisher":"https:\/\/www.facebook.com\/fapa.valencia\/?fref=ts","article_modified_time":"2022-10-03T10:17:19+00:00","author":"FAMPA Val\u00e8ncia","twitter_card":"summary","twitter_site":"@FAPAValencia","twitter_misc":{"Tiempo de lectura":"1 minuto"},"schema":{"@context":"https:\/\/schema.org","@graph":[{"@type":"WebSite","@id":"https:\/\/www.fampa-valencia.org\/#website","url":"https:\/\/www.fampa-valencia.org\/","name":"FAMPA Val\u00e8ncia","description":"Fampa-Valencia. Federaci\u00f3n de Asociaciones de Padres i Madres de Alumnos Provincia de Valencia","potentialAction":[{"@type":"SearchAction","target":{"@type":"EntryPoint","urlTemplate":"https:\/\/www.fampa-valencia.org\/?s={search_term_string}"},"query-input":"required name=search_term_string"}],"inLanguage":"es"},{"@type":"WebPage","@id":"https:\/\/www.fampa-valencia.org\/es\/mejora-de-la-atencion-y-concentracion\/#webpage","url":"https:\/\/www.fampa-valencia.org\/es\/mejora-de-la-atencion-y-concentracion\/","name":"Mejora de la atenci\u00f3n y concentraci\u00f3n | FAMPA Val\u00e8ncia","isPartOf":{"@id":"https:\/\/www.fampa-valencia.org\/#website"},"datePublished":"2022-10-03T10:17:16+00:00","dateModified":"2022-10-03T10:17:19+00:00","breadcrumb":{"@id":"https:\/\/www.fampa-valencia.org\/es\/mejora-de-la-atencion-y-concentracion\/#breadcrumb"},"inLanguage":"es","potentialAction":[{"@type":"ReadAction","target":["https:\/\/www.fampa-valencia.org\/es\/mejora-de-la-atencion-y-concentracion\/"]}]},{"@type":"BreadcrumbList","@id":"https:\/\/www.fampa-valencia.org\/es\/mejora-de-la-atencion-y-concentracion\/#breadcrumb","itemListElement":[{"@type":"ListItem","position":1,"name":"Inici","item":"https:\/\/www.fampa-valencia.org\/es\/"},{"@type":"ListItem","position":2,"name":"Mejora de la atenci\u00f3n y concentraci\u00f3n"}]}]}},"_links":{"self":[{"href":"https:\/\/www.fampa-valencia.org\/es\/wp-json\/wp\/v2\/pages\/10148"}],"collection":[{"href":"https:\/\/www.fampa-valencia.org\/es\/wp-json\/wp\/v2\/pages"}],"about":[{"href":"https:\/\/www.fampa-valencia.org\/es\/wp-json\/wp\/v2\/types\/page"}],"author":[{"embeddable":true,"href":"https:\/\/www.fampa-valencia.org\/es\/wp-json\/wp\/v2\/users\/5"}],"replies":[{"embeddable":true,"href":"https:\/\/www.fampa-valencia.org\/es\/wp-json\/wp\/v2\/comments?post=10148"}],"version-history":[{"count":1,"href":"https:\/\/www.fampa-valencia.org\/es\/wp-json\/wp\/v2\/pages\/10148\/revisions"}],"predecessor-version":[{"id":10149,"href":"https:\/\/www.fampa-valencia.org\/es\/wp-json\/wp\/v2\/pages\/10148\/revisions\/10149"}],"wp:attachment":[{"href":"https:\/\/www.fampa-valencia.org\/es\/wp-json\/wp\/v2\/media?parent=10148"}],"curies":[{"name":"wp","href":"https:\/\/api.w.org\/{rel}","templated":true}]}}

Mejora de la atención y concentración

<p>Intentamos ofrecer a las familias recursos para mejorar la atención y concentración de sus hijas e hijos en el contexto familiar y académico.</p>



<p>En la actualidad, en el contexto académico existe alumnado que tiene dificultades a la hora de mantener la atención y la concentración, lo cual influye de manera negativa en su nivel y adaptación curricular.</p>



<p>Hay que tener en cuenta que la concentración depende en gran parte del grado y del tipo de motivación que tenga nuestra hija e hijo. También son aspectos importantes: utilizar un espacio físico adecuado, preparar con antelación el que se necesite, evitar distracciones, etc.</p>



<p>Se hablará de los recursos que podemos utilizar las familias para ayudar a nuestras hijas e hijos a mejorar y desarrollar su capacidad de atención.</p>

<p>Intentamos ofrecer a las familias recursos para mejorar la atención y concentración de sus hijas e hijos en el contexto familiar y académico. En la actualidad, [&hellip;]</p>

<!-- This site is optimized with the Yoast SEO plugin v19.2 - https://yoast.com/wordpress/plugins/seo/ -->
<title>Mejora de la atención y concentración | FAMPA València</title>
<meta name="robots" content="index, follow, max-snippet:-1, max-image-preview:large, max-video-preview:-1" />
<link rel="canonical" href="https://www.fampa-valencia.org/es/mejora-de-la-atencion-y-concentracion/" />
<meta property="og:locale" content="es_ES" />
<meta property="og:type" content="article" />
<meta property="og:title" content="Mejora de la atención y concentración | FAMPA València" />
<meta property="og:description" content="Intentamos ofrecer a las familias recursos para mejorar la atención y concentración de sus hijas e hijos en el contexto familiar y académico. En la actualidad, [&hellip;]" />
<meta property="og:url" content="https://www.fampa-valencia.org/es/mejora-de-la-atencion-y-concentracion/" />
<meta property="og:site_name" content="FAMPA València" />
<meta property="article:publisher" content="https://www.facebook.com/fapa.valencia/?fref=ts" />
<meta property="article:modified_time" content="2022-10-03T10:17:19+00:00" />
<meta name="author" content="FAMPA València" />
<meta name="twitter:card" content="summary" />
<meta name="twitter:site" content="@FAPAValencia" />
<meta name="twitter:label1" content="Tiempo de lectura" />
	<meta name="twitter:data1" content="1 minuto" />
<script type="application/ld+json" class="yoast-schema-graph">{"@context":"https://schema.org","@graph":[{"@type":"WebSite","@id":"https://www.fampa-valencia.org/#website","url":"https://www.fampa-valencia.org/","name":"FAMPA València","description":"Fampa-Valencia. Federación de Asociaciones de Padres i Madres de Alumnos Provincia de Valencia","potentialAction":[{"@type":"SearchAction","target":{"@type":"EntryPoint","urlTemplate":"https://www.fampa-valencia.org/?s={search_term_string}"},"query-input":"required name=search_term_string"}],"inLanguage":"es"},{"@type":"WebPage","@id":"https://www.fampa-valencia.org/es/mejora-de-la-atencion-y-concentracion/#webpage","url":"https://www.fampa-valencia.org/es/mejora-de-la-atencion-y-concentracion/","name":"Mejora de la atención y concentración | FAMPA València","isPartOf":{"@id":"https://www.fampa-valencia.org/#website"},"datePublished":"2022-10-03T10:17:16+00:00","dateModified":"2022-10-03T10:17:19+00:00","breadcrumb":{"@id":"https://www.fampa-valencia.org/es/mejora-de-la-atencion-y-concentracion/#breadcrumb"},"inLanguage":"es","potentialAction":[{"@type":"ReadAction","target":["https://www.fampa-valencia.org/es/mejora-de-la-atencion-y-concentracion/"]}]},{"@type":"BreadcrumbList","@id":"https://www.fampa-valencia.org/es/mejora-de-la-atencion-y-concentracion/#breadcrumb","itemListElement":[{"@type":"ListItem","position":1,"name":"Inici","item":"https://www.fampa-valencia.org/es/"},{"@type":"ListItem","position":2,"name":"Mejora de la atención y concentración"}]}]}</script>
<!-- / Yoast SEO plugin. -->

Mejora de la atención y concentración | FAMPA València

Intentamos ofrecer a las familias recursos para mejorar la atención y concentración de sus hijas e hijos en el contexto familiar y académico. En la actualidad, [&hellip;]

FAMPA València

Fampa-Valencia. Federación de Asociaciones de Padres i Madres de Alumnos Provincia de Valencia
