{"id":10156,"date":"2022-10-03T12:29:16","date_gmt":"2022-10-03T10:29:16","guid":{"rendered":"https:\/\/www.fampa-valencia.org\/?page_id=10156\/"},"modified":"2022-10-03T12:29:18","modified_gmt":"2022-10-03T10:29:18","slug":"coeducacion","status":"publish","type":"page","link":"https:\/\/www.fampa-valencia.org\/es\/coeducacion\/","title":{"rendered":"Coeducaci\u00f3n"},"content":{"rendered":"\n<p>Coeducar es acercarse a la educaci\u00f3n con una mirada sensible a la diversidad humana. Es educar a las ni\u00f1as, ni\u00f1os y adolescentes siendo conscientes de las desigualdades que viven y actuar con el objetivo de eliminar estereotipos o ideas preconcebidas sobre c\u00f3mo tienen que ser en funci\u00f3n de su sexo.<\/p>\n\n\n\n<p>En su d\u00eda a d\u00eda las ni\u00f1as y ni\u00f1os reciben mensajes diferenciados y desiguales, lo cual hace que se perpet\u00faan las discriminaciones de g\u00e9nero.<\/p>\n\n\n\n<p>Para practicar la coeducaci\u00f3n a casa necesitamos motivaci\u00f3n y constancia y llevar las gafas violetas siempre para ver la vida a trav\u00e9s de ellas.<\/p>\n\n\n\n<p>Una escuela coeducativa se aquella en la cual se corrige y se elimina todo tipo de desigualdades o mecanismos discriminatorios por raz\u00f3n de sexo, y en la cual los y las alumnas puedan desarrollar libremente su personalidad en un clima de igualdad real y sin ning\u00fan tipo de condicionantes o limitaciones impuestas en funci\u00f3n de su sexo.<\/p>\n","protected":false},"excerpt":{"rendered":"<p>Coeducar es acercarse a la educaci\u00f3n con una mirada sensible a la diversidad humana. Es educar a las ni\u00f1as, ni\u00f1os y adolescentes siendo conscientes de las [&hellip;]<\/p>\n","protected":false},"author":5,"featured_media":0,"parent":0,"menu_order":0,"comment_status":"closed","ping_status":"closed","template":"","meta":[],"yoast_head":"<!-- This site is optimized with the Yoast SEO plugin v19.2 - https:\/\/yoast.com\/wordpress\/plugins\/seo\/ -->\n<title>Coeducaci\u00f3n | FAMPA Val\u00e8ncia<\/title>\n<meta name=\"robots\" content=\"index, follow, max-snippet:-1, max-image-preview:large, max-video-preview:-1\" \/>\n<link rel=\"canonical\" href=\"https:\/\/www.fampa-valencia.org\/es\/coeducacion\/\" \/>\n<meta property=\"og:locale\" content=\"es_ES\" \/>\n<meta property=\"og:type\" content=\"article\" \/>\n<meta property=\"og:title\" content=\"Coeducaci\u00f3n | FAMPA Val\u00e8ncia\" \/>\n<meta property=\"og:description\" content=\"Coeducar es acercarse a la educaci\u00f3n con una mirada sensible a la diversidad humana. Es educar a las ni\u00f1as, ni\u00f1os y adolescentes siendo conscientes de las [&hellip;]\" \/>\n<meta property=\"og:url\" content=\"https:\/\/www.fampa-valencia.org\/es\/coeducacion\/\" \/>\n<meta property=\"og:site_name\" content=\"FAMPA Val\u00e8ncia\" \/>\n<meta property=\"article:publisher\" content=\"https:\/\/www.facebook.com\/fapa.valencia\/?fref=ts\" \/>\n<meta property=\"article:modified_time\" content=\"2022-10-03T10:29:18+00:00\" \/>\n<meta name=\"author\" content=\"FAMPA Val\u00e8ncia\" \/>\n<meta name=\"twitter:card\" content=\"summary\" \/>\n<meta name=\"twitter:site\" content=\"@FAPAValencia\" \/>\n<meta name=\"twitter:label1\" content=\"Tiempo de lectura\" \/>\n\t<meta name=\"twitter:data1\" content=\"1 minuto\" \/>\n<script type=\"application\/ld+json\" class=\"yoast-schema-graph\">{\"@context\":\"https:\/\/schema.org\",\"@graph\":[{\"@type\":\"WebSite\",\"@id\":\"https:\/\/www.fampa-valencia.org\/#website\",\"url\":\"https:\/\/www.fampa-valencia.org\/\",\"name\":\"FAMPA Val\u00e8ncia\",\"description\":\"Fampa-Valencia. Federaci\u00f3n de Asociaciones de Padres i Madres de Alumnos Provincia de Valencia\",\"potentialAction\":[{\"@type\":\"SearchAction\",\"target\":{\"@type\":\"EntryPoint\",\"urlTemplate\":\"https:\/\/www.fampa-valencia.org\/?s={search_term_string}\"},\"query-input\":\"required name=search_term_string\"}],\"inLanguage\":\"es\"},{\"@type\":\"WebPage\",\"@id\":\"https:\/\/www.fampa-valencia.org\/es\/coeducacion\/#webpage\",\"url\":\"https:\/\/www.fampa-valencia.org\/es\/coeducacion\/\",\"name\":\"Coeducaci\u00f3n | FAMPA Val\u00e8ncia\",\"isPartOf\":{\"@id\":\"https:\/\/www.fampa-valencia.org\/#website\"},\"datePublished\":\"2022-10-03T10:29:16+00:00\",\"dateModified\":\"2022-10-03T10:29:18+00:00\",\"breadcrumb\":{\"@id\":\"https:\/\/www.fampa-valencia.org\/es\/coeducacion\/#breadcrumb\"},\"inLanguage\":\"es\",\"potentialAction\":[{\"@type\":\"ReadAction\",\"target\":[\"https:\/\/www.fampa-valencia.org\/es\/coeducacion\/\"]}]},{\"@type\":\"BreadcrumbList\",\"@id\":\"https:\/\/www.fampa-valencia.org\/es\/coeducacion\/#breadcrumb\",\"itemListElement\":[{\"@type\":\"ListItem\",\"position\":1,\"name\":\"Inici\",\"item\":\"https:\/\/www.fampa-valencia.org\/es\/\"},{\"@type\":\"ListItem\",\"position\":2,\"name\":\"Coeducaci\u00f3n\"}]}]}<\/script>\n<!-- \/ Yoast SEO plugin. -->","yoast_head_json":{"title":"Coeducaci\u00f3n | FAMPA Val\u00e8ncia","robots":{"index":"index","follow":"follow","max-snippet":"max-snippet:-1","max-image-preview":"max-image-preview:large","max-video-preview":"max-video-preview:-1"},"canonical":"https:\/\/www.fampa-valencia.org\/es\/coeducacion\/","og_locale":"es_ES","og_type":"article","og_title":"Coeducaci\u00f3n | FAMPA Val\u00e8ncia","og_description":"Coeducar es acercarse a la educaci\u00f3n con una mirada sensible a la diversidad humana. Es educar a las ni\u00f1as, ni\u00f1os y adolescentes siendo conscientes de las [&hellip;]","og_url":"https:\/\/www.fampa-valencia.org\/es\/coeducacion\/","og_site_name":"FAMPA Val\u00e8ncia","article_publisher":"https:\/\/www.facebook.com\/fapa.valencia\/?fref=ts","article_modified_time":"2022-10-03T10:29:18+00:00","author":"FAMPA Val\u00e8ncia","twitter_card":"summary","twitter_site":"@FAPAValencia","twitter_misc":{"Tiempo de lectura":"1 minuto"},"schema":{"@context":"https:\/\/schema.org","@graph":[{"@type":"WebSite","@id":"https:\/\/www.fampa-valencia.org\/#website","url":"https:\/\/www.fampa-valencia.org\/","name":"FAMPA Val\u00e8ncia","description":"Fampa-Valencia. Federaci\u00f3n de Asociaciones de Padres i Madres de Alumnos Provincia de Valencia","potentialAction":[{"@type":"SearchAction","target":{"@type":"EntryPoint","urlTemplate":"https:\/\/www.fampa-valencia.org\/?s={search_term_string}"},"query-input":"required name=search_term_string"}],"inLanguage":"es"},{"@type":"WebPage","@id":"https:\/\/www.fampa-valencia.org\/es\/coeducacion\/#webpage","url":"https:\/\/www.fampa-valencia.org\/es\/coeducacion\/","name":"Coeducaci\u00f3n | FAMPA Val\u00e8ncia","isPartOf":{"@id":"https:\/\/www.fampa-valencia.org\/#website"},"datePublished":"2022-10-03T10:29:16+00:00","dateModified":"2022-10-03T10:29:18+00:00","breadcrumb":{"@id":"https:\/\/www.fampa-valencia.org\/es\/coeducacion\/#breadcrumb"},"inLanguage":"es","potentialAction":[{"@type":"ReadAction","target":["https:\/\/www.fampa-valencia.org\/es\/coeducacion\/"]}]},{"@type":"BreadcrumbList","@id":"https:\/\/www.fampa-valencia.org\/es\/coeducacion\/#breadcrumb","itemListElement":[{"@type":"ListItem","position":1,"name":"Inici","item":"https:\/\/www.fampa-valencia.org\/es\/"},{"@type":"ListItem","position":2,"name":"Coeducaci\u00f3n"}]}]}},"_links":{"self":[{"href":"https:\/\/www.fampa-valencia.org\/es\/wp-json\/wp\/v2\/pages\/10156"}],"collection":[{"href":"https:\/\/www.fampa-valencia.org\/es\/wp-json\/wp\/v2\/pages"}],"about":[{"href":"https:\/\/www.fampa-valencia.org\/es\/wp-json\/wp\/v2\/types\/page"}],"author":[{"embeddable":true,"href":"https:\/\/www.fampa-valencia.org\/es\/wp-json\/wp\/v2\/users\/5"}],"replies":[{"embeddable":true,"href":"https:\/\/www.fampa-valencia.org\/es\/wp-json\/wp\/v2\/comments?post=10156"}],"version-history":[{"count":1,"href":"https:\/\/www.fampa-valencia.org\/es\/wp-json\/wp\/v2\/pages\/10156\/revisions"}],"predecessor-version":[{"id":10157,"href":"https:\/\/www.fampa-valencia.org\/es\/wp-json\/wp\/v2\/pages\/10156\/revisions\/10157"}],"wp:attachment":[{"href":"https:\/\/www.fampa-valencia.org\/es\/wp-json\/wp\/v2\/media?parent=10156"}],"curies":[{"name":"wp","href":"https:\/\/api.w.org\/{rel}","templated":true}]}}

Coeducación

<p>Coeducar es acercarse a la educación con una mirada sensible a la diversidad humana. Es educar a las niñas, niños y adolescentes siendo conscientes de las desigualdades que viven y actuar con el objetivo de eliminar estereotipos o ideas preconcebidas sobre cómo tienen que ser en función de su sexo.</p>



<p>En su día a día las niñas y niños reciben mensajes diferenciados y desiguales, lo cual hace que se perpetúan las discriminaciones de género.</p>



<p>Para practicar la coeducación a casa necesitamos motivación y constancia y llevar las gafas violetas siempre para ver la vida a través de ellas.</p>



<p>Una escuela coeducativa se aquella en la cual se corrige y se elimina todo tipo de desigualdades o mecanismos discriminatorios por razón de sexo, y en la cual los y las alumnas puedan desarrollar libremente su personalidad en un clima de igualdad real y sin ningún tipo de condicionantes o limitaciones impuestas en función de su sexo.</p>

<p>Coeducar es acercarse a la educación con una mirada sensible a la diversidad humana. Es educar a las niñas, niños y adolescentes siendo conscientes de las [&hellip;]</p>

<!-- This site is optimized with the Yoast SEO plugin v19.2 - https://yoast.com/wordpress/plugins/seo/ -->
<title>Coeducación | FAMPA València</title>
<meta name="robots" content="index, follow, max-snippet:-1, max-image-preview:large, max-video-preview:-1" />
<link rel="canonical" href="https://www.fampa-valencia.org/es/coeducacion/" />
<meta property="og:locale" content="es_ES" />
<meta property="og:type" content="article" />
<meta property="og:title" content="Coeducación | FAMPA València" />
<meta property="og:description" content="Coeducar es acercarse a la educación con una mirada sensible a la diversidad humana. Es educar a las niñas, niños y adolescentes siendo conscientes de las [&hellip;]" />
<meta property="og:url" content="https://www.fampa-valencia.org/es/coeducacion/" />
<meta property="og:site_name" content="FAMPA València" />
<meta property="article:publisher" content="https://www.facebook.com/fapa.valencia/?fref=ts" />
<meta property="article:modified_time" content="2022-10-03T10:29:18+00:00" />
<meta name="author" content="FAMPA València" />
<meta name="twitter:card" content="summary" />
<meta name="twitter:site" content="@FAPAValencia" />
<meta name="twitter:label1" content="Tiempo de lectura" />
	<meta name="twitter:data1" content="1 minuto" />
<script type="application/ld+json" class="yoast-schema-graph">{"@context":"https://schema.org","@graph":[{"@type":"WebSite","@id":"https://www.fampa-valencia.org/#website","url":"https://www.fampa-valencia.org/","name":"FAMPA València","description":"Fampa-Valencia. Federación de Asociaciones de Padres i Madres de Alumnos Provincia de Valencia","potentialAction":[{"@type":"SearchAction","target":{"@type":"EntryPoint","urlTemplate":"https://www.fampa-valencia.org/?s={search_term_string}"},"query-input":"required name=search_term_string"}],"inLanguage":"es"},{"@type":"WebPage","@id":"https://www.fampa-valencia.org/es/coeducacion/#webpage","url":"https://www.fampa-valencia.org/es/coeducacion/","name":"Coeducación | FAMPA València","isPartOf":{"@id":"https://www.fampa-valencia.org/#website"},"datePublished":"2022-10-03T10:29:16+00:00","dateModified":"2022-10-03T10:29:18+00:00","breadcrumb":{"@id":"https://www.fampa-valencia.org/es/coeducacion/#breadcrumb"},"inLanguage":"es","potentialAction":[{"@type":"ReadAction","target":["https://www.fampa-valencia.org/es/coeducacion/"]}]},{"@type":"BreadcrumbList","@id":"https://www.fampa-valencia.org/es/coeducacion/#breadcrumb","itemListElement":[{"@type":"ListItem","position":1,"name":"Inici","item":"https://www.fampa-valencia.org/es/"},{"@type":"ListItem","position":2,"name":"Coeducación"}]}]}</script>
<!-- / Yoast SEO plugin. -->

Coeducación | FAMPA València

Coeducar es acercarse a la educación con una mirada sensible a la diversidad humana. Es educar a las niñas, niños y adolescentes siendo conscientes de las [&hellip;]

FAMPA València

Fampa-Valencia. Federación de Asociaciones de Padres i Madres de Alumnos Provincia de Valencia
