{"id":10158,"date":"2022-10-03T12:30:11","date_gmt":"2022-10-03T10:30:11","guid":{"rendered":"https:\/\/www.fampa-valencia.org\/?page_id=10158\/"},"modified":"2022-10-03T12:30:14","modified_gmt":"2022-10-03T10:30:14","slug":"diversidad-de-genero","status":"publish","type":"page","link":"https:\/\/www.fampa-valencia.org\/es\/diversidad-de-genero\/","title":{"rendered":"Diversidad de g\u00e9nero"},"content":{"rendered":"\n<p>La diversidad sexual, familiar y de identidad de g\u00e9nero constituye una excelente oportunidad educativa para construir otra escuela posible en la cual todas las personas encuentran reconocimiento y respeto. La diferencia nos permite aprender del diferente.<\/p>\n\n\n\n<p>Hay que evitar referirse a los otros, sus actitudes o emociones con palabras como \u00abnormal\u00bb o \u00abnatural\u00bb: normal y natural es la diversidad humana.<\/p>\n\n\n\n<p>El respeto por la diversidad afectiva, sexual y de g\u00e9nero es un elemento de valor y de riqueza social en la promoci\u00f3n y la vivencia de la cual est\u00e1 implicada toda la ciudadan\u00eda.<\/p>\n\n\n\n<p>Cuando hablamos de diversidad afectiva, sexual y de g\u00e9nero nos referimos a las diferentes maneras de expresar la afectividad, el deseo, las pr\u00e1cticas er\u00f3ticas o amorosas, as\u00ed como la expresi\u00f3n o identidad de g\u00e9nero que tenemos todos los seres humanos. Es decir, a todas las posibilidades de asumir y vivir la afectividad, la sexualidad y el g\u00e9nero.<\/p>\n\n\n\n<p>Seg\u00fan la agencia europea de los derechos fundamentales, 7 de cada 10 personas LGTBI en Europa ocultan su orientaci\u00f3n sexual o su identidad de g\u00e9nero durante su etapa escolar.<\/p>\n","protected":false},"excerpt":{"rendered":"<p>La diversidad sexual, familiar y de identidad de g\u00e9nero constituye una excelente oportunidad educativa para construir otra escuela posible en la cual todas las personas encuentran [&hellip;]<\/p>\n","protected":false},"author":5,"featured_media":0,"parent":0,"menu_order":0,"comment_status":"closed","ping_status":"closed","template":"","meta":[],"yoast_head":"<!-- This site is optimized with the Yoast SEO plugin v19.2 - https:\/\/yoast.com\/wordpress\/plugins\/seo\/ -->\n<title>Diversidad de g\u00e9nero | FAMPA Val\u00e8ncia<\/title>\n<meta name=\"robots\" content=\"index, follow, max-snippet:-1, max-image-preview:large, max-video-preview:-1\" \/>\n<link rel=\"canonical\" href=\"https:\/\/www.fampa-valencia.org\/es\/diversidad-de-genero\/\" \/>\n<meta property=\"og:locale\" content=\"es_ES\" \/>\n<meta property=\"og:type\" content=\"article\" \/>\n<meta property=\"og:title\" content=\"Diversidad de g\u00e9nero | FAMPA Val\u00e8ncia\" \/>\n<meta property=\"og:description\" content=\"La diversidad sexual, familiar y de identidad de g\u00e9nero constituye una excelente oportunidad educativa para construir otra escuela posible en la cual todas las personas encuentran [&hellip;]\" \/>\n<meta property=\"og:url\" content=\"https:\/\/www.fampa-valencia.org\/es\/diversidad-de-genero\/\" \/>\n<meta property=\"og:site_name\" content=\"FAMPA Val\u00e8ncia\" \/>\n<meta property=\"article:publisher\" content=\"https:\/\/www.facebook.com\/fapa.valencia\/?fref=ts\" \/>\n<meta property=\"article:modified_time\" content=\"2022-10-03T10:30:14+00:00\" \/>\n<meta name=\"author\" content=\"FAMPA Val\u00e8ncia\" \/>\n<meta name=\"twitter:card\" content=\"summary\" \/>\n<meta name=\"twitter:site\" content=\"@FAPAValencia\" \/>\n<meta name=\"twitter:label1\" content=\"Tiempo de lectura\" \/>\n\t<meta name=\"twitter:data1\" content=\"1 minuto\" \/>\n<script type=\"application\/ld+json\" class=\"yoast-schema-graph\">{\"@context\":\"https:\/\/schema.org\",\"@graph\":[{\"@type\":\"WebSite\",\"@id\":\"https:\/\/www.fampa-valencia.org\/#website\",\"url\":\"https:\/\/www.fampa-valencia.org\/\",\"name\":\"FAMPA Val\u00e8ncia\",\"description\":\"Fampa-Valencia. Federaci\u00f3n de Asociaciones de Padres i Madres de Alumnos Provincia de Valencia\",\"potentialAction\":[{\"@type\":\"SearchAction\",\"target\":{\"@type\":\"EntryPoint\",\"urlTemplate\":\"https:\/\/www.fampa-valencia.org\/?s={search_term_string}\"},\"query-input\":\"required name=search_term_string\"}],\"inLanguage\":\"es\"},{\"@type\":\"WebPage\",\"@id\":\"https:\/\/www.fampa-valencia.org\/es\/diversidad-de-genero\/#webpage\",\"url\":\"https:\/\/www.fampa-valencia.org\/es\/diversidad-de-genero\/\",\"name\":\"Diversidad de g\u00e9nero | FAMPA Val\u00e8ncia\",\"isPartOf\":{\"@id\":\"https:\/\/www.fampa-valencia.org\/#website\"},\"datePublished\":\"2022-10-03T10:30:11+00:00\",\"dateModified\":\"2022-10-03T10:30:14+00:00\",\"breadcrumb\":{\"@id\":\"https:\/\/www.fampa-valencia.org\/es\/diversidad-de-genero\/#breadcrumb\"},\"inLanguage\":\"es\",\"potentialAction\":[{\"@type\":\"ReadAction\",\"target\":[\"https:\/\/www.fampa-valencia.org\/es\/diversidad-de-genero\/\"]}]},{\"@type\":\"BreadcrumbList\",\"@id\":\"https:\/\/www.fampa-valencia.org\/es\/diversidad-de-genero\/#breadcrumb\",\"itemListElement\":[{\"@type\":\"ListItem\",\"position\":1,\"name\":\"Inici\",\"item\":\"https:\/\/www.fampa-valencia.org\/es\/\"},{\"@type\":\"ListItem\",\"position\":2,\"name\":\"Diversidad de g\u00e9nero\"}]}]}<\/script>\n<!-- \/ Yoast SEO plugin. -->","yoast_head_json":{"title":"Diversidad de g\u00e9nero | FAMPA Val\u00e8ncia","robots":{"index":"index","follow":"follow","max-snippet":"max-snippet:-1","max-image-preview":"max-image-preview:large","max-video-preview":"max-video-preview:-1"},"canonical":"https:\/\/www.fampa-valencia.org\/es\/diversidad-de-genero\/","og_locale":"es_ES","og_type":"article","og_title":"Diversidad de g\u00e9nero | FAMPA Val\u00e8ncia","og_description":"La diversidad sexual, familiar y de identidad de g\u00e9nero constituye una excelente oportunidad educativa para construir otra escuela posible en la cual todas las personas encuentran [&hellip;]","og_url":"https:\/\/www.fampa-valencia.org\/es\/diversidad-de-genero\/","og_site_name":"FAMPA Val\u00e8ncia","article_publisher":"https:\/\/www.facebook.com\/fapa.valencia\/?fref=ts","article_modified_time":"2022-10-03T10:30:14+00:00","author":"FAMPA Val\u00e8ncia","twitter_card":"summary","twitter_site":"@FAPAValencia","twitter_misc":{"Tiempo de lectura":"1 minuto"},"schema":{"@context":"https:\/\/schema.org","@graph":[{"@type":"WebSite","@id":"https:\/\/www.fampa-valencia.org\/#website","url":"https:\/\/www.fampa-valencia.org\/","name":"FAMPA Val\u00e8ncia","description":"Fampa-Valencia. Federaci\u00f3n de Asociaciones de Padres i Madres de Alumnos Provincia de Valencia","potentialAction":[{"@type":"SearchAction","target":{"@type":"EntryPoint","urlTemplate":"https:\/\/www.fampa-valencia.org\/?s={search_term_string}"},"query-input":"required name=search_term_string"}],"inLanguage":"es"},{"@type":"WebPage","@id":"https:\/\/www.fampa-valencia.org\/es\/diversidad-de-genero\/#webpage","url":"https:\/\/www.fampa-valencia.org\/es\/diversidad-de-genero\/","name":"Diversidad de g\u00e9nero | FAMPA Val\u00e8ncia","isPartOf":{"@id":"https:\/\/www.fampa-valencia.org\/#website"},"datePublished":"2022-10-03T10:30:11+00:00","dateModified":"2022-10-03T10:30:14+00:00","breadcrumb":{"@id":"https:\/\/www.fampa-valencia.org\/es\/diversidad-de-genero\/#breadcrumb"},"inLanguage":"es","potentialAction":[{"@type":"ReadAction","target":["https:\/\/www.fampa-valencia.org\/es\/diversidad-de-genero\/"]}]},{"@type":"BreadcrumbList","@id":"https:\/\/www.fampa-valencia.org\/es\/diversidad-de-genero\/#breadcrumb","itemListElement":[{"@type":"ListItem","position":1,"name":"Inici","item":"https:\/\/www.fampa-valencia.org\/es\/"},{"@type":"ListItem","position":2,"name":"Diversidad de g\u00e9nero"}]}]}},"_links":{"self":[{"href":"https:\/\/www.fampa-valencia.org\/es\/wp-json\/wp\/v2\/pages\/10158"}],"collection":[{"href":"https:\/\/www.fampa-valencia.org\/es\/wp-json\/wp\/v2\/pages"}],"about":[{"href":"https:\/\/www.fampa-valencia.org\/es\/wp-json\/wp\/v2\/types\/page"}],"author":[{"embeddable":true,"href":"https:\/\/www.fampa-valencia.org\/es\/wp-json\/wp\/v2\/users\/5"}],"replies":[{"embeddable":true,"href":"https:\/\/www.fampa-valencia.org\/es\/wp-json\/wp\/v2\/comments?post=10158"}],"version-history":[{"count":1,"href":"https:\/\/www.fampa-valencia.org\/es\/wp-json\/wp\/v2\/pages\/10158\/revisions"}],"predecessor-version":[{"id":10159,"href":"https:\/\/www.fampa-valencia.org\/es\/wp-json\/wp\/v2\/pages\/10158\/revisions\/10159"}],"wp:attachment":[{"href":"https:\/\/www.fampa-valencia.org\/es\/wp-json\/wp\/v2\/media?parent=10158"}],"curies":[{"name":"wp","href":"https:\/\/api.w.org\/{rel}","templated":true}]}}

Diversidad de género

<p>La diversidad sexual, familiar y de identidad de género constituye una excelente oportunidad educativa para construir otra escuela posible en la cual todas las personas encuentran reconocimiento y respeto. La diferencia nos permite aprender del diferente.</p>



<p>Hay que evitar referirse a los otros, sus actitudes o emociones con palabras como «normal» o «natural»: normal y natural es la diversidad humana.</p>



<p>El respeto por la diversidad afectiva, sexual y de género es un elemento de valor y de riqueza social en la promoción y la vivencia de la cual está implicada toda la ciudadanía.</p>



<p>Cuando hablamos de diversidad afectiva, sexual y de género nos referimos a las diferentes maneras de expresar la afectividad, el deseo, las prácticas eróticas o amorosas, así como la expresión o identidad de género que tenemos todos los seres humanos. Es decir, a todas las posibilidades de asumir y vivir la afectividad, la sexualidad y el género.</p>



<p>Según la agencia europea de los derechos fundamentales, 7 de cada 10 personas LGTBI en Europa ocultan su orientación sexual o su identidad de género durante su etapa escolar.</p>

<p>La diversidad sexual, familiar y de identidad de género constituye una excelente oportunidad educativa para construir otra escuela posible en la cual todas las personas encuentran [&hellip;]</p>

<!-- This site is optimized with the Yoast SEO plugin v19.2 - https://yoast.com/wordpress/plugins/seo/ -->
<title>Diversidad de género | FAMPA València</title>
<meta name="robots" content="index, follow, max-snippet:-1, max-image-preview:large, max-video-preview:-1" />
<link rel="canonical" href="https://www.fampa-valencia.org/es/diversidad-de-genero/" />
<meta property="og:locale" content="es_ES" />
<meta property="og:type" content="article" />
<meta property="og:title" content="Diversidad de género | FAMPA València" />
<meta property="og:description" content="La diversidad sexual, familiar y de identidad de género constituye una excelente oportunidad educativa para construir otra escuela posible en la cual todas las personas encuentran [&hellip;]" />
<meta property="og:url" content="https://www.fampa-valencia.org/es/diversidad-de-genero/" />
<meta property="og:site_name" content="FAMPA València" />
<meta property="article:publisher" content="https://www.facebook.com/fapa.valencia/?fref=ts" />
<meta property="article:modified_time" content="2022-10-03T10:30:14+00:00" />
<meta name="author" content="FAMPA València" />
<meta name="twitter:card" content="summary" />
<meta name="twitter:site" content="@FAPAValencia" />
<meta name="twitter:label1" content="Tiempo de lectura" />
	<meta name="twitter:data1" content="1 minuto" />
<script type="application/ld+json" class="yoast-schema-graph">{"@context":"https://schema.org","@graph":[{"@type":"WebSite","@id":"https://www.fampa-valencia.org/#website","url":"https://www.fampa-valencia.org/","name":"FAMPA València","description":"Fampa-Valencia. Federación de Asociaciones de Padres i Madres de Alumnos Provincia de Valencia","potentialAction":[{"@type":"SearchAction","target":{"@type":"EntryPoint","urlTemplate":"https://www.fampa-valencia.org/?s={search_term_string}"},"query-input":"required name=search_term_string"}],"inLanguage":"es"},{"@type":"WebPage","@id":"https://www.fampa-valencia.org/es/diversidad-de-genero/#webpage","url":"https://www.fampa-valencia.org/es/diversidad-de-genero/","name":"Diversidad de género | FAMPA València","isPartOf":{"@id":"https://www.fampa-valencia.org/#website"},"datePublished":"2022-10-03T10:30:11+00:00","dateModified":"2022-10-03T10:30:14+00:00","breadcrumb":{"@id":"https://www.fampa-valencia.org/es/diversidad-de-genero/#breadcrumb"},"inLanguage":"es","potentialAction":[{"@type":"ReadAction","target":["https://www.fampa-valencia.org/es/diversidad-de-genero/"]}]},{"@type":"BreadcrumbList","@id":"https://www.fampa-valencia.org/es/diversidad-de-genero/#breadcrumb","itemListElement":[{"@type":"ListItem","position":1,"name":"Inici","item":"https://www.fampa-valencia.org/es/"},{"@type":"ListItem","position":2,"name":"Diversidad de género"}]}]}</script>
<!-- / Yoast SEO plugin. -->

Diversidad de género | FAMPA València

La diversidad sexual, familiar y de identidad de género constituye una excelente oportunidad educativa para construir otra escuela posible en la cual todas las personas encuentran [&hellip;]

FAMPA València

Fampa-Valencia. Federación de Asociaciones de Padres i Madres de Alumnos Provincia de Valencia
