{"id":10176,"date":"2022-10-03T13:20:00","date_gmt":"2022-10-03T11:20:00","guid":{"rendered":"https:\/\/www.fampa-valencia.org\/?page_id=10176\/"},"modified":"2022-10-03T13:20:01","modified_gmt":"2022-10-03T11:20:01","slug":"consumos-abusivos","status":"publish","type":"page","link":"https:\/\/www.fampa-valencia.org\/es\/consumos-abusivos\/","title":{"rendered":"Consumos abusivos"},"content":{"rendered":"\n<p>La adolescencia es en s\u00ed una etapa de especial vulnerabilidad. La busqueda de uno mismo, la necesidad de experimentar cosas nuevas, el sentimiento de invulnerabilidad (nada malo me puede pasar), la necesidad de sentirse integrado en el grupo y la investigaci\u00f3n inmediata de resultados son rasgos que caracterizan a los y las adolescentes, y a su vez pueden ser factores que pueden llevarlos a tener un consumo o a probar determinadas sustancias. En cualquier etapa es o puede ser problem\u00e1tico un solo consumo de una sustancia (dependiendo c\u00f3mo) pero en esta, en la cual el cerebro est\u00e1 en pleno proceso de maduraci\u00f3n, resulta m\u00e1s peligroso.<\/p>\n\n\n\n<p>Es deseable la prevenci\u00f3n de las disfunciones antes de que el posterior tratamiento que se lleva a cabo una vez aparecido el trastorno, puesto que la prevenci\u00f3n siempre es m\u00e1s rentable social y econ\u00f3micamente.<\/p>\n\n\n\n<p>Colegios, padres y el entorno en general juegan un papel imprescindible.<\/p>\n","protected":false},"excerpt":{"rendered":"<p>La adolescencia es en s\u00ed una etapa de especial vulnerabilidad. La busqueda de uno mismo, la necesidad de experimentar cosas nuevas, el sentimiento de invulnerabilidad (nada [&hellip;]<\/p>\n","protected":false},"author":5,"featured_media":0,"parent":0,"menu_order":0,"comment_status":"closed","ping_status":"closed","template":"","meta":[],"yoast_head":"<!-- This site is optimized with the Yoast SEO plugin v19.2 - https:\/\/yoast.com\/wordpress\/plugins\/seo\/ -->\n<title>Consumos abusivos | FAMPA Val\u00e8ncia<\/title>\n<meta name=\"robots\" content=\"index, follow, max-snippet:-1, max-image-preview:large, max-video-preview:-1\" \/>\n<link rel=\"canonical\" href=\"https:\/\/www.fampa-valencia.org\/es\/consumos-abusivos\/\" \/>\n<meta property=\"og:locale\" content=\"es_ES\" \/>\n<meta property=\"og:type\" content=\"article\" \/>\n<meta property=\"og:title\" content=\"Consumos abusivos | FAMPA Val\u00e8ncia\" \/>\n<meta property=\"og:description\" content=\"La adolescencia es en s\u00ed una etapa de especial vulnerabilidad. La busqueda de uno mismo, la necesidad de experimentar cosas nuevas, el sentimiento de invulnerabilidad (nada [&hellip;]\" \/>\n<meta property=\"og:url\" content=\"https:\/\/www.fampa-valencia.org\/es\/consumos-abusivos\/\" \/>\n<meta property=\"og:site_name\" content=\"FAMPA Val\u00e8ncia\" \/>\n<meta property=\"article:publisher\" content=\"https:\/\/www.facebook.com\/fapa.valencia\/?fref=ts\" \/>\n<meta property=\"article:modified_time\" content=\"2022-10-03T11:20:01+00:00\" \/>\n<meta name=\"author\" content=\"FAMPA Val\u00e8ncia\" \/>\n<meta name=\"twitter:card\" content=\"summary\" \/>\n<meta name=\"twitter:site\" content=\"@FAPAValencia\" \/>\n<meta name=\"twitter:label1\" content=\"Tiempo de lectura\" \/>\n\t<meta name=\"twitter:data1\" content=\"1 minuto\" \/>\n<script type=\"application\/ld+json\" class=\"yoast-schema-graph\">{\"@context\":\"https:\/\/schema.org\",\"@graph\":[{\"@type\":\"WebSite\",\"@id\":\"https:\/\/www.fampa-valencia.org\/#website\",\"url\":\"https:\/\/www.fampa-valencia.org\/\",\"name\":\"FAMPA Val\u00e8ncia\",\"description\":\"Fampa-Valencia. Federaci\u00f3n de Asociaciones de Padres i Madres de Alumnos Provincia de Valencia\",\"potentialAction\":[{\"@type\":\"SearchAction\",\"target\":{\"@type\":\"EntryPoint\",\"urlTemplate\":\"https:\/\/www.fampa-valencia.org\/?s={search_term_string}\"},\"query-input\":\"required name=search_term_string\"}],\"inLanguage\":\"es\"},{\"@type\":\"WebPage\",\"@id\":\"https:\/\/www.fampa-valencia.org\/es\/consumos-abusivos\/#webpage\",\"url\":\"https:\/\/www.fampa-valencia.org\/es\/consumos-abusivos\/\",\"name\":\"Consumos abusivos | FAMPA Val\u00e8ncia\",\"isPartOf\":{\"@id\":\"https:\/\/www.fampa-valencia.org\/#website\"},\"datePublished\":\"2022-10-03T11:20:00+00:00\",\"dateModified\":\"2022-10-03T11:20:01+00:00\",\"breadcrumb\":{\"@id\":\"https:\/\/www.fampa-valencia.org\/es\/consumos-abusivos\/#breadcrumb\"},\"inLanguage\":\"es\",\"potentialAction\":[{\"@type\":\"ReadAction\",\"target\":[\"https:\/\/www.fampa-valencia.org\/es\/consumos-abusivos\/\"]}]},{\"@type\":\"BreadcrumbList\",\"@id\":\"https:\/\/www.fampa-valencia.org\/es\/consumos-abusivos\/#breadcrumb\",\"itemListElement\":[{\"@type\":\"ListItem\",\"position\":1,\"name\":\"Inici\",\"item\":\"https:\/\/www.fampa-valencia.org\/es\/\"},{\"@type\":\"ListItem\",\"position\":2,\"name\":\"Consumos abusivos\"}]}]}<\/script>\n<!-- \/ Yoast SEO plugin. -->","yoast_head_json":{"title":"Consumos abusivos | FAMPA Val\u00e8ncia","robots":{"index":"index","follow":"follow","max-snippet":"max-snippet:-1","max-image-preview":"max-image-preview:large","max-video-preview":"max-video-preview:-1"},"canonical":"https:\/\/www.fampa-valencia.org\/es\/consumos-abusivos\/","og_locale":"es_ES","og_type":"article","og_title":"Consumos abusivos | FAMPA Val\u00e8ncia","og_description":"La adolescencia es en s\u00ed una etapa de especial vulnerabilidad. La busqueda de uno mismo, la necesidad de experimentar cosas nuevas, el sentimiento de invulnerabilidad (nada [&hellip;]","og_url":"https:\/\/www.fampa-valencia.org\/es\/consumos-abusivos\/","og_site_name":"FAMPA Val\u00e8ncia","article_publisher":"https:\/\/www.facebook.com\/fapa.valencia\/?fref=ts","article_modified_time":"2022-10-03T11:20:01+00:00","author":"FAMPA Val\u00e8ncia","twitter_card":"summary","twitter_site":"@FAPAValencia","twitter_misc":{"Tiempo de lectura":"1 minuto"},"schema":{"@context":"https:\/\/schema.org","@graph":[{"@type":"WebSite","@id":"https:\/\/www.fampa-valencia.org\/#website","url":"https:\/\/www.fampa-valencia.org\/","name":"FAMPA Val\u00e8ncia","description":"Fampa-Valencia. Federaci\u00f3n de Asociaciones de Padres i Madres de Alumnos Provincia de Valencia","potentialAction":[{"@type":"SearchAction","target":{"@type":"EntryPoint","urlTemplate":"https:\/\/www.fampa-valencia.org\/?s={search_term_string}"},"query-input":"required name=search_term_string"}],"inLanguage":"es"},{"@type":"WebPage","@id":"https:\/\/www.fampa-valencia.org\/es\/consumos-abusivos\/#webpage","url":"https:\/\/www.fampa-valencia.org\/es\/consumos-abusivos\/","name":"Consumos abusivos | FAMPA Val\u00e8ncia","isPartOf":{"@id":"https:\/\/www.fampa-valencia.org\/#website"},"datePublished":"2022-10-03T11:20:00+00:00","dateModified":"2022-10-03T11:20:01+00:00","breadcrumb":{"@id":"https:\/\/www.fampa-valencia.org\/es\/consumos-abusivos\/#breadcrumb"},"inLanguage":"es","potentialAction":[{"@type":"ReadAction","target":["https:\/\/www.fampa-valencia.org\/es\/consumos-abusivos\/"]}]},{"@type":"BreadcrumbList","@id":"https:\/\/www.fampa-valencia.org\/es\/consumos-abusivos\/#breadcrumb","itemListElement":[{"@type":"ListItem","position":1,"name":"Inici","item":"https:\/\/www.fampa-valencia.org\/es\/"},{"@type":"ListItem","position":2,"name":"Consumos abusivos"}]}]}},"_links":{"self":[{"href":"https:\/\/www.fampa-valencia.org\/es\/wp-json\/wp\/v2\/pages\/10176"}],"collection":[{"href":"https:\/\/www.fampa-valencia.org\/es\/wp-json\/wp\/v2\/pages"}],"about":[{"href":"https:\/\/www.fampa-valencia.org\/es\/wp-json\/wp\/v2\/types\/page"}],"author":[{"embeddable":true,"href":"https:\/\/www.fampa-valencia.org\/es\/wp-json\/wp\/v2\/users\/5"}],"replies":[{"embeddable":true,"href":"https:\/\/www.fampa-valencia.org\/es\/wp-json\/wp\/v2\/comments?post=10176"}],"version-history":[{"count":1,"href":"https:\/\/www.fampa-valencia.org\/es\/wp-json\/wp\/v2\/pages\/10176\/revisions"}],"predecessor-version":[{"id":10177,"href":"https:\/\/www.fampa-valencia.org\/es\/wp-json\/wp\/v2\/pages\/10176\/revisions\/10177"}],"wp:attachment":[{"href":"https:\/\/www.fampa-valencia.org\/es\/wp-json\/wp\/v2\/media?parent=10176"}],"curies":[{"name":"wp","href":"https:\/\/api.w.org\/{rel}","templated":true}]}}

<p>La adolescencia es en sí una etapa de especial vulnerabilidad. La busqueda de uno mismo, la necesidad de experimentar cosas nuevas, el sentimiento de invulnerabilidad (nada malo me puede pasar), la necesidad de sentirse integrado en el grupo y la investigación inmediata de resultados son rasgos que caracterizan a los y las adolescentes, y a su vez pueden ser factores que pueden llevarlos a tener un consumo o a probar determinadas sustancias. En cualquier etapa es o puede ser problemático un solo consumo de una sustancia (dependiendo cómo) pero en esta, en la cual el cerebro está en pleno proceso de maduración, resulta más peligroso.</p>



<p>Es deseable la prevención de las disfunciones antes de que el posterior tratamiento que se lleva a cabo una vez aparecido el trastorno, puesto que la prevención siempre es más rentable social y económicamente.</p>



<p>Colegios, padres y el entorno en general juegan un papel imprescindible.</p>

<p>La adolescencia es en sí una etapa de especial vulnerabilidad. La busqueda de uno mismo, la necesidad de experimentar cosas nuevas, el sentimiento de invulnerabilidad (nada [&hellip;]</p>

<!-- This site is optimized with the Yoast SEO plugin v19.2 - https://yoast.com/wordpress/plugins/seo/ -->
<title>Consumos abusivos | FAMPA València</title>
<meta name="robots" content="index, follow, max-snippet:-1, max-image-preview:large, max-video-preview:-1" />
<link rel="canonical" href="https://www.fampa-valencia.org/es/consumos-abusivos/" />
<meta property="og:locale" content="es_ES" />
<meta property="og:type" content="article" />
<meta property="og:title" content="Consumos abusivos | FAMPA València" />
<meta property="og:description" content="La adolescencia es en sí una etapa de especial vulnerabilidad. La busqueda de uno mismo, la necesidad de experimentar cosas nuevas, el sentimiento de invulnerabilidad (nada [&hellip;]" />
<meta property="og:url" content="https://www.fampa-valencia.org/es/consumos-abusivos/" />
<meta property="og:site_name" content="FAMPA València" />
<meta property="article:publisher" content="https://www.facebook.com/fapa.valencia/?fref=ts" />
<meta property="article:modified_time" content="2022-10-03T11:20:01+00:00" />
<meta name="author" content="FAMPA València" />
<meta name="twitter:card" content="summary" />
<meta name="twitter:site" content="@FAPAValencia" />
<meta name="twitter:label1" content="Tiempo de lectura" />
	<meta name="twitter:data1" content="1 minuto" />
<script type="application/ld+json" class="yoast-schema-graph">{"@context":"https://schema.org","@graph":[{"@type":"WebSite","@id":"https://www.fampa-valencia.org/#website","url":"https://www.fampa-valencia.org/","name":"FAMPA València","description":"Fampa-Valencia. Federación de Asociaciones de Padres i Madres de Alumnos Provincia de Valencia","potentialAction":[{"@type":"SearchAction","target":{"@type":"EntryPoint","urlTemplate":"https://www.fampa-valencia.org/?s={search_term_string}"},"query-input":"required name=search_term_string"}],"inLanguage":"es"},{"@type":"WebPage","@id":"https://www.fampa-valencia.org/es/consumos-abusivos/#webpage","url":"https://www.fampa-valencia.org/es/consumos-abusivos/","name":"Consumos abusivos | FAMPA València","isPartOf":{"@id":"https://www.fampa-valencia.org/#website"},"datePublished":"2022-10-03T11:20:00+00:00","dateModified":"2022-10-03T11:20:01+00:00","breadcrumb":{"@id":"https://www.fampa-valencia.org/es/consumos-abusivos/#breadcrumb"},"inLanguage":"es","potentialAction":[{"@type":"ReadAction","target":["https://www.fampa-valencia.org/es/consumos-abusivos/"]}]},{"@type":"BreadcrumbList","@id":"https://www.fampa-valencia.org/es/consumos-abusivos/#breadcrumb","itemListElement":[{"@type":"ListItem","position":1,"name":"Inici","item":"https://www.fampa-valencia.org/es/"},{"@type":"ListItem","position":2,"name":"Consumos abusivos"}]}]}</script>
<!-- / Yoast SEO plugin. -->

Consumos abusivos | FAMPA València

La adolescencia es en sí una etapa de especial vulnerabilidad. La busqueda de uno mismo, la necesidad de experimentar cosas nuevas, el sentimiento de invulnerabilidad (nada [&hellip;]

FAMPA València

Fampa-Valencia. Federación de Asociaciones de Padres i Madres de Alumnos Provincia de Valencia
