{"id":10178,"date":"2022-10-03T13:21:03","date_gmt":"2022-10-03T11:21:03","guid":{"rendered":"https:\/\/www.fampa-valencia.org\/?page_id=10178\/"},"modified":"2022-10-03T13:21:05","modified_gmt":"2022-10-03T11:21:05","slug":"prevencion-de-la-depresion-y-ansiedad-en-la-poblacion-infanto-juvenil","status":"publish","type":"page","link":"https:\/\/www.fampa-valencia.org\/es\/prevencion-de-la-depresion-y-ansiedad-en-la-poblacion-infanto-juvenil\/","title":{"rendered":"Prevenci\u00f3n de la depresi\u00f3n y ansiedad en la poblaci\u00f3n infanto-juvenil"},"content":{"rendered":"\n<p>El paso por nuestras vidas de la pandemia ha supuesto un cambio en nuestras vidas y sobre todo ha tenido un importante impacto en la salud mental de la infancia y la juventud.<\/p>\n\n\n\n<p>Las emociones son parte de nuestro d\u00eda a d\u00eda y como gestionarlas cuando ha habido una interrupci\u00f3n de las rutinas y unas restricciones sociales ha sido muy dif\u00edcil para esta poblaci\u00f3n m\u00e1s vulnerable.<\/p>\n\n\n\n<p>Ante esta situaci\u00f3n ha habido un uso excesivo de tecnolog\u00edas y la limitaci\u00f3n de la actividad f\u00edsica.<\/p>\n\n\n\n<p>Todo esto en conjunto ha acentuado situaciones de ansiedad, miedo, s\u00edntomas depresivos, conductas autolesivas y conductas suicidas.<\/p>\n","protected":false},"excerpt":{"rendered":"<p>El paso por nuestras vidas de la pandemia ha supuesto un cambio en nuestras vidas y sobre todo ha tenido un importante impacto en la salud [&hellip;]<\/p>\n","protected":false},"author":5,"featured_media":0,"parent":0,"menu_order":0,"comment_status":"closed","ping_status":"closed","template":"","meta":[],"yoast_head":"<!-- This site is optimized with the Yoast SEO plugin v19.2 - https:\/\/yoast.com\/wordpress\/plugins\/seo\/ -->\n<title>Prevenci\u00f3n de la depresi\u00f3n y ansiedad en la poblaci\u00f3n infanto-juvenil | FAMPA Val\u00e8ncia<\/title>\n<meta name=\"robots\" content=\"index, follow, max-snippet:-1, max-image-preview:large, max-video-preview:-1\" \/>\n<link rel=\"canonical\" href=\"https:\/\/www.fampa-valencia.org\/es\/prevencion-de-la-depresion-y-ansiedad-en-la-poblacion-infanto-juvenil\/\" \/>\n<meta property=\"og:locale\" content=\"es_ES\" \/>\n<meta property=\"og:type\" content=\"article\" \/>\n<meta property=\"og:title\" content=\"Prevenci\u00f3n de la depresi\u00f3n y ansiedad en la poblaci\u00f3n infanto-juvenil | FAMPA Val\u00e8ncia\" \/>\n<meta property=\"og:description\" content=\"El paso por nuestras vidas de la pandemia ha supuesto un cambio en nuestras vidas y sobre todo ha tenido un importante impacto en la salud [&hellip;]\" \/>\n<meta property=\"og:url\" content=\"https:\/\/www.fampa-valencia.org\/es\/prevencion-de-la-depresion-y-ansiedad-en-la-poblacion-infanto-juvenil\/\" \/>\n<meta property=\"og:site_name\" content=\"FAMPA Val\u00e8ncia\" \/>\n<meta property=\"article:publisher\" content=\"https:\/\/www.facebook.com\/fapa.valencia\/?fref=ts\" \/>\n<meta property=\"article:modified_time\" content=\"2022-10-03T11:21:05+00:00\" \/>\n<meta name=\"author\" content=\"FAMPA Val\u00e8ncia\" \/>\n<meta name=\"twitter:card\" content=\"summary\" \/>\n<meta name=\"twitter:site\" content=\"@FAPAValencia\" \/>\n<meta name=\"twitter:label1\" content=\"Tiempo de lectura\" \/>\n\t<meta name=\"twitter:data1\" content=\"1 minuto\" \/>\n<script type=\"application\/ld+json\" class=\"yoast-schema-graph\">{\"@context\":\"https:\/\/schema.org\",\"@graph\":[{\"@type\":\"WebSite\",\"@id\":\"https:\/\/www.fampa-valencia.org\/#website\",\"url\":\"https:\/\/www.fampa-valencia.org\/\",\"name\":\"FAMPA Val\u00e8ncia\",\"description\":\"Fampa-Valencia. Federaci\u00f3n de Asociaciones de Padres i Madres de Alumnos Provincia de Valencia\",\"potentialAction\":[{\"@type\":\"SearchAction\",\"target\":{\"@type\":\"EntryPoint\",\"urlTemplate\":\"https:\/\/www.fampa-valencia.org\/?s={search_term_string}\"},\"query-input\":\"required name=search_term_string\"}],\"inLanguage\":\"es\"},{\"@type\":\"WebPage\",\"@id\":\"https:\/\/www.fampa-valencia.org\/es\/prevencion-de-la-depresion-y-ansiedad-en-la-poblacion-infanto-juvenil\/#webpage\",\"url\":\"https:\/\/www.fampa-valencia.org\/es\/prevencion-de-la-depresion-y-ansiedad-en-la-poblacion-infanto-juvenil\/\",\"name\":\"Prevenci\u00f3n de la depresi\u00f3n y ansiedad en la poblaci\u00f3n infanto-juvenil | FAMPA Val\u00e8ncia\",\"isPartOf\":{\"@id\":\"https:\/\/www.fampa-valencia.org\/#website\"},\"datePublished\":\"2022-10-03T11:21:03+00:00\",\"dateModified\":\"2022-10-03T11:21:05+00:00\",\"breadcrumb\":{\"@id\":\"https:\/\/www.fampa-valencia.org\/es\/prevencion-de-la-depresion-y-ansiedad-en-la-poblacion-infanto-juvenil\/#breadcrumb\"},\"inLanguage\":\"es\",\"potentialAction\":[{\"@type\":\"ReadAction\",\"target\":[\"https:\/\/www.fampa-valencia.org\/es\/prevencion-de-la-depresion-y-ansiedad-en-la-poblacion-infanto-juvenil\/\"]}]},{\"@type\":\"BreadcrumbList\",\"@id\":\"https:\/\/www.fampa-valencia.org\/es\/prevencion-de-la-depresion-y-ansiedad-en-la-poblacion-infanto-juvenil\/#breadcrumb\",\"itemListElement\":[{\"@type\":\"ListItem\",\"position\":1,\"name\":\"Inici\",\"item\":\"https:\/\/www.fampa-valencia.org\/es\/\"},{\"@type\":\"ListItem\",\"position\":2,\"name\":\"Prevenci\u00f3n de la depresi\u00f3n y ansiedad en la poblaci\u00f3n infanto-juvenil\"}]}]}<\/script>\n<!-- \/ Yoast SEO plugin. -->","yoast_head_json":{"title":"Prevenci\u00f3n de la depresi\u00f3n y ansiedad en la poblaci\u00f3n infanto-juvenil | FAMPA Val\u00e8ncia","robots":{"index":"index","follow":"follow","max-snippet":"max-snippet:-1","max-image-preview":"max-image-preview:large","max-video-preview":"max-video-preview:-1"},"canonical":"https:\/\/www.fampa-valencia.org\/es\/prevencion-de-la-depresion-y-ansiedad-en-la-poblacion-infanto-juvenil\/","og_locale":"es_ES","og_type":"article","og_title":"Prevenci\u00f3n de la depresi\u00f3n y ansiedad en la poblaci\u00f3n infanto-juvenil | FAMPA Val\u00e8ncia","og_description":"El paso por nuestras vidas de la pandemia ha supuesto un cambio en nuestras vidas y sobre todo ha tenido un importante impacto en la salud [&hellip;]","og_url":"https:\/\/www.fampa-valencia.org\/es\/prevencion-de-la-depresion-y-ansiedad-en-la-poblacion-infanto-juvenil\/","og_site_name":"FAMPA Val\u00e8ncia","article_publisher":"https:\/\/www.facebook.com\/fapa.valencia\/?fref=ts","article_modified_time":"2022-10-03T11:21:05+00:00","author":"FAMPA Val\u00e8ncia","twitter_card":"summary","twitter_site":"@FAPAValencia","twitter_misc":{"Tiempo de lectura":"1 minuto"},"schema":{"@context":"https:\/\/schema.org","@graph":[{"@type":"WebSite","@id":"https:\/\/www.fampa-valencia.org\/#website","url":"https:\/\/www.fampa-valencia.org\/","name":"FAMPA Val\u00e8ncia","description":"Fampa-Valencia. Federaci\u00f3n de Asociaciones de Padres i Madres de Alumnos Provincia de Valencia","potentialAction":[{"@type":"SearchAction","target":{"@type":"EntryPoint","urlTemplate":"https:\/\/www.fampa-valencia.org\/?s={search_term_string}"},"query-input":"required name=search_term_string"}],"inLanguage":"es"},{"@type":"WebPage","@id":"https:\/\/www.fampa-valencia.org\/es\/prevencion-de-la-depresion-y-ansiedad-en-la-poblacion-infanto-juvenil\/#webpage","url":"https:\/\/www.fampa-valencia.org\/es\/prevencion-de-la-depresion-y-ansiedad-en-la-poblacion-infanto-juvenil\/","name":"Prevenci\u00f3n de la depresi\u00f3n y ansiedad en la poblaci\u00f3n infanto-juvenil | FAMPA Val\u00e8ncia","isPartOf":{"@id":"https:\/\/www.fampa-valencia.org\/#website"},"datePublished":"2022-10-03T11:21:03+00:00","dateModified":"2022-10-03T11:21:05+00:00","breadcrumb":{"@id":"https:\/\/www.fampa-valencia.org\/es\/prevencion-de-la-depresion-y-ansiedad-en-la-poblacion-infanto-juvenil\/#breadcrumb"},"inLanguage":"es","potentialAction":[{"@type":"ReadAction","target":["https:\/\/www.fampa-valencia.org\/es\/prevencion-de-la-depresion-y-ansiedad-en-la-poblacion-infanto-juvenil\/"]}]},{"@type":"BreadcrumbList","@id":"https:\/\/www.fampa-valencia.org\/es\/prevencion-de-la-depresion-y-ansiedad-en-la-poblacion-infanto-juvenil\/#breadcrumb","itemListElement":[{"@type":"ListItem","position":1,"name":"Inici","item":"https:\/\/www.fampa-valencia.org\/es\/"},{"@type":"ListItem","position":2,"name":"Prevenci\u00f3n de la depresi\u00f3n y ansiedad en la poblaci\u00f3n infanto-juvenil"}]}]}},"_links":{"self":[{"href":"https:\/\/www.fampa-valencia.org\/es\/wp-json\/wp\/v2\/pages\/10178"}],"collection":[{"href":"https:\/\/www.fampa-valencia.org\/es\/wp-json\/wp\/v2\/pages"}],"about":[{"href":"https:\/\/www.fampa-valencia.org\/es\/wp-json\/wp\/v2\/types\/page"}],"author":[{"embeddable":true,"href":"https:\/\/www.fampa-valencia.org\/es\/wp-json\/wp\/v2\/users\/5"}],"replies":[{"embeddable":true,"href":"https:\/\/www.fampa-valencia.org\/es\/wp-json\/wp\/v2\/comments?post=10178"}],"version-history":[{"count":1,"href":"https:\/\/www.fampa-valencia.org\/es\/wp-json\/wp\/v2\/pages\/10178\/revisions"}],"predecessor-version":[{"id":10179,"href":"https:\/\/www.fampa-valencia.org\/es\/wp-json\/wp\/v2\/pages\/10178\/revisions\/10179"}],"wp:attachment":[{"href":"https:\/\/www.fampa-valencia.org\/es\/wp-json\/wp\/v2\/media?parent=10178"}],"curies":[{"name":"wp","href":"https:\/\/api.w.org\/{rel}","templated":true}]}}

Prevención de la depresión y ansiedad en la población infanto-juvenil

<p>El paso por nuestras vidas de la pandemia ha supuesto un cambio en nuestras vidas y sobre todo ha tenido un importante impacto en la salud mental de la infancia y la juventud.</p>



<p>Las emociones son parte de nuestro día a día y como gestionarlas cuando ha habido una interrupción de las rutinas y unas restricciones sociales ha sido muy difícil para esta población más vulnerable.</p>



<p>Ante esta situación ha habido un uso excesivo de tecnologías y la limitación de la actividad física.</p>



<p>Todo esto en conjunto ha acentuado situaciones de ansiedad, miedo, síntomas depresivos, conductas autolesivas y conductas suicidas.</p>

<!-- This site is optimized with the Yoast SEO plugin v19.2 - https://yoast.com/wordpress/plugins/seo/ -->
<title>Prevención de la depresión y ansiedad en la población infanto-juvenil | FAMPA València</title>
<meta name="robots" content="index, follow, max-snippet:-1, max-image-preview:large, max-video-preview:-1" />
<link rel="canonical" href="https://www.fampa-valencia.org/es/prevencion-de-la-depresion-y-ansiedad-en-la-poblacion-infanto-juvenil/" />
<meta property="og:locale" content="es_ES" />
<meta property="og:type" content="article" />
<meta property="og:title" content="Prevención de la depresión y ansiedad en la población infanto-juvenil | FAMPA València" />
<meta property="og:description" content="El paso por nuestras vidas de la pandemia ha supuesto un cambio en nuestras vidas y sobre todo ha tenido un importante impacto en la salud [&hellip;]" />
<meta property="og:url" content="https://www.fampa-valencia.org/es/prevencion-de-la-depresion-y-ansiedad-en-la-poblacion-infanto-juvenil/" />
<meta property="og:site_name" content="FAMPA València" />
<meta property="article:publisher" content="https://www.facebook.com/fapa.valencia/?fref=ts" />
<meta property="article:modified_time" content="2022-10-03T11:21:05+00:00" />
<meta name="author" content="FAMPA València" />
<meta name="twitter:card" content="summary" />
<meta name="twitter:site" content="@FAPAValencia" />
<meta name="twitter:label1" content="Tiempo de lectura" />
	<meta name="twitter:data1" content="1 minuto" />
<script type="application/ld+json" class="yoast-schema-graph">{"@context":"https://schema.org","@graph":[{"@type":"WebSite","@id":"https://www.fampa-valencia.org/#website","url":"https://www.fampa-valencia.org/","name":"FAMPA València","description":"Fampa-Valencia. Federación de Asociaciones de Padres i Madres de Alumnos Provincia de Valencia","potentialAction":[{"@type":"SearchAction","target":{"@type":"EntryPoint","urlTemplate":"https://www.fampa-valencia.org/?s={search_term_string}"},"query-input":"required name=search_term_string"}],"inLanguage":"es"},{"@type":"WebPage","@id":"https://www.fampa-valencia.org/es/prevencion-de-la-depresion-y-ansiedad-en-la-poblacion-infanto-juvenil/#webpage","url":"https://www.fampa-valencia.org/es/prevencion-de-la-depresion-y-ansiedad-en-la-poblacion-infanto-juvenil/","name":"Prevención de la depresión y ansiedad en la población infanto-juvenil | FAMPA València","isPartOf":{"@id":"https://www.fampa-valencia.org/#website"},"datePublished":"2022-10-03T11:21:03+00:00","dateModified":"2022-10-03T11:21:05+00:00","breadcrumb":{"@id":"https://www.fampa-valencia.org/es/prevencion-de-la-depresion-y-ansiedad-en-la-poblacion-infanto-juvenil/#breadcrumb"},"inLanguage":"es","potentialAction":[{"@type":"ReadAction","target":["https://www.fampa-valencia.org/es/prevencion-de-la-depresion-y-ansiedad-en-la-poblacion-infanto-juvenil/"]}]},{"@type":"BreadcrumbList","@id":"https://www.fampa-valencia.org/es/prevencion-de-la-depresion-y-ansiedad-en-la-poblacion-infanto-juvenil/#breadcrumb","itemListElement":[{"@type":"ListItem","position":1,"name":"Inici","item":"https://www.fampa-valencia.org/es/"},{"@type":"ListItem","position":2,"name":"Prevención de la depresión y ansiedad en la población infanto-juvenil"}]}]}</script>
<!-- / Yoast SEO plugin. -->

Prevención de la depresión y ansiedad en la población infanto-juvenil | FAMPA València

FAMPA València

Fampa-Valencia. Federación de Asociaciones de Padres i Madres de Alumnos Provincia de Valencia
