{"id":10180,"date":"2022-10-03T13:22:19","date_gmt":"2022-10-03T11:22:19","guid":{"rendered":"https:\/\/www.fampa-valencia.org\/?page_id=10180\/"},"modified":"2024-09-11T12:23:58","modified_gmt":"2024-09-11T10:23:58","slug":"responsabilidad-civil-y-penal-de-los-menores","status":"publish","type":"page","link":"https:\/\/www.fampa-valencia.org\/es\/responsabilidad-civil-y-penal-de-los-menores\/","title":{"rendered":"Altas capacidades"},"content":{"rendered":"\n<p>Las pol\u00edticas educativas, dentro de la atenci\u00f3n a todo el alumnado, debe de poner su foco en el alumnado que, por su propia naturaleza, tiene altas capacidades o talentos espec\u00edficos. Ha habido un crecimiento debido a la atenci\u00f3n m\u00e1s personalizada que se est\u00e1 realizando en los centros y en la familia.<\/p>\n\n\n\n<p>En este curso trataremos tres bloques esenciales, sensibilizaci\u00f3n, detecci\u00f3n e identificaci\u00f3n, e intervenci\u00f3n educativa y familiar.<\/p>\n","protected":false},"excerpt":{"rendered":"<p>Las pol\u00edticas educativas, dentro de la atenci\u00f3n a todo el alumnado, debe de poner su foco en el alumnado que, por su propia naturaleza, tiene altas [&hellip;]<\/p>\n","protected":false},"author":5,"featured_media":0,"parent":0,"menu_order":0,"comment_status":"closed","ping_status":"closed","template":"","meta":[],"yoast_head":"<!-- This site is optimized with the Yoast SEO plugin v19.2 - https:\/\/yoast.com\/wordpress\/plugins\/seo\/ -->\n<title>Altas capacidades | FAMPA Val\u00e8ncia<\/title>\n<meta name=\"robots\" content=\"index, follow, max-snippet:-1, max-image-preview:large, max-video-preview:-1\" \/>\n<link rel=\"canonical\" href=\"https:\/\/www.fampa-valencia.org\/es\/responsabilidad-civil-y-penal-de-los-menores\/\" \/>\n<meta property=\"og:locale\" content=\"es_ES\" \/>\n<meta property=\"og:type\" content=\"article\" \/>\n<meta property=\"og:title\" content=\"Altas capacidades | FAMPA Val\u00e8ncia\" \/>\n<meta property=\"og:description\" content=\"Las pol\u00edticas educativas, dentro de la atenci\u00f3n a todo el alumnado, debe de poner su foco en el alumnado que, por su propia naturaleza, tiene altas [&hellip;]\" \/>\n<meta property=\"og:url\" content=\"https:\/\/www.fampa-valencia.org\/es\/responsabilidad-civil-y-penal-de-los-menores\/\" \/>\n<meta property=\"og:site_name\" content=\"FAMPA Val\u00e8ncia\" \/>\n<meta property=\"article:publisher\" content=\"https:\/\/www.facebook.com\/fapa.valencia\/?fref=ts\" \/>\n<meta property=\"article:modified_time\" content=\"2024-09-11T10:23:58+00:00\" \/>\n<meta name=\"author\" content=\"FAMPA Val\u00e8ncia\" \/>\n<meta name=\"twitter:card\" content=\"summary\" \/>\n<meta name=\"twitter:site\" content=\"@FAPAValencia\" \/>\n<meta name=\"twitter:label1\" content=\"Tiempo de lectura\" \/>\n\t<meta name=\"twitter:data1\" content=\"1 minuto\" \/>\n<script type=\"application\/ld+json\" class=\"yoast-schema-graph\">{\"@context\":\"https:\/\/schema.org\",\"@graph\":[{\"@type\":\"WebSite\",\"@id\":\"https:\/\/www.fampa-valencia.org\/#website\",\"url\":\"https:\/\/www.fampa-valencia.org\/\",\"name\":\"FAMPA Val\u00e8ncia\",\"description\":\"Fampa-Valencia. Federaci\u00f3n de Asociaciones de Padres i Madres de Alumnos Provincia de Valencia\",\"potentialAction\":[{\"@type\":\"SearchAction\",\"target\":{\"@type\":\"EntryPoint\",\"urlTemplate\":\"https:\/\/www.fampa-valencia.org\/?s={search_term_string}\"},\"query-input\":\"required name=search_term_string\"}],\"inLanguage\":\"es\"},{\"@type\":\"WebPage\",\"@id\":\"https:\/\/www.fampa-valencia.org\/es\/responsabilidad-civil-y-penal-de-los-menores\/#webpage\",\"url\":\"https:\/\/www.fampa-valencia.org\/es\/responsabilidad-civil-y-penal-de-los-menores\/\",\"name\":\"Altas capacidades | FAMPA Val\u00e8ncia\",\"isPartOf\":{\"@id\":\"https:\/\/www.fampa-valencia.org\/#website\"},\"datePublished\":\"2022-10-03T11:22:19+00:00\",\"dateModified\":\"2024-09-11T10:23:58+00:00\",\"breadcrumb\":{\"@id\":\"https:\/\/www.fampa-valencia.org\/es\/responsabilidad-civil-y-penal-de-los-menores\/#breadcrumb\"},\"inLanguage\":\"es\",\"potentialAction\":[{\"@type\":\"ReadAction\",\"target\":[\"https:\/\/www.fampa-valencia.org\/es\/responsabilidad-civil-y-penal-de-los-menores\/\"]}]},{\"@type\":\"BreadcrumbList\",\"@id\":\"https:\/\/www.fampa-valencia.org\/es\/responsabilidad-civil-y-penal-de-los-menores\/#breadcrumb\",\"itemListElement\":[{\"@type\":\"ListItem\",\"position\":1,\"name\":\"Inici\",\"item\":\"https:\/\/www.fampa-valencia.org\/es\/\"},{\"@type\":\"ListItem\",\"position\":2,\"name\":\"Altas capacidades\"}]}]}<\/script>\n<!-- \/ Yoast SEO plugin. -->","yoast_head_json":{"title":"Altas capacidades | FAMPA Val\u00e8ncia","robots":{"index":"index","follow":"follow","max-snippet":"max-snippet:-1","max-image-preview":"max-image-preview:large","max-video-preview":"max-video-preview:-1"},"canonical":"https:\/\/www.fampa-valencia.org\/es\/responsabilidad-civil-y-penal-de-los-menores\/","og_locale":"es_ES","og_type":"article","og_title":"Altas capacidades | FAMPA Val\u00e8ncia","og_description":"Las pol\u00edticas educativas, dentro de la atenci\u00f3n a todo el alumnado, debe de poner su foco en el alumnado que, por su propia naturaleza, tiene altas [&hellip;]","og_url":"https:\/\/www.fampa-valencia.org\/es\/responsabilidad-civil-y-penal-de-los-menores\/","og_site_name":"FAMPA Val\u00e8ncia","article_publisher":"https:\/\/www.facebook.com\/fapa.valencia\/?fref=ts","article_modified_time":"2024-09-11T10:23:58+00:00","author":"FAMPA Val\u00e8ncia","twitter_card":"summary","twitter_site":"@FAPAValencia","twitter_misc":{"Tiempo de lectura":"1 minuto"},"schema":{"@context":"https:\/\/schema.org","@graph":[{"@type":"WebSite","@id":"https:\/\/www.fampa-valencia.org\/#website","url":"https:\/\/www.fampa-valencia.org\/","name":"FAMPA Val\u00e8ncia","description":"Fampa-Valencia. Federaci\u00f3n de Asociaciones de Padres i Madres de Alumnos Provincia de Valencia","potentialAction":[{"@type":"SearchAction","target":{"@type":"EntryPoint","urlTemplate":"https:\/\/www.fampa-valencia.org\/?s={search_term_string}"},"query-input":"required name=search_term_string"}],"inLanguage":"es"},{"@type":"WebPage","@id":"https:\/\/www.fampa-valencia.org\/es\/responsabilidad-civil-y-penal-de-los-menores\/#webpage","url":"https:\/\/www.fampa-valencia.org\/es\/responsabilidad-civil-y-penal-de-los-menores\/","name":"Altas capacidades | FAMPA Val\u00e8ncia","isPartOf":{"@id":"https:\/\/www.fampa-valencia.org\/#website"},"datePublished":"2022-10-03T11:22:19+00:00","dateModified":"2024-09-11T10:23:58+00:00","breadcrumb":{"@id":"https:\/\/www.fampa-valencia.org\/es\/responsabilidad-civil-y-penal-de-los-menores\/#breadcrumb"},"inLanguage":"es","potentialAction":[{"@type":"ReadAction","target":["https:\/\/www.fampa-valencia.org\/es\/responsabilidad-civil-y-penal-de-los-menores\/"]}]},{"@type":"BreadcrumbList","@id":"https:\/\/www.fampa-valencia.org\/es\/responsabilidad-civil-y-penal-de-los-menores\/#breadcrumb","itemListElement":[{"@type":"ListItem","position":1,"name":"Inici","item":"https:\/\/www.fampa-valencia.org\/es\/"},{"@type":"ListItem","position":2,"name":"Altas capacidades"}]}]}},"_links":{"self":[{"href":"https:\/\/www.fampa-valencia.org\/es\/wp-json\/wp\/v2\/pages\/10180"}],"collection":[{"href":"https:\/\/www.fampa-valencia.org\/es\/wp-json\/wp\/v2\/pages"}],"about":[{"href":"https:\/\/www.fampa-valencia.org\/es\/wp-json\/wp\/v2\/types\/page"}],"author":[{"embeddable":true,"href":"https:\/\/www.fampa-valencia.org\/es\/wp-json\/wp\/v2\/users\/5"}],"replies":[{"embeddable":true,"href":"https:\/\/www.fampa-valencia.org\/es\/wp-json\/wp\/v2\/comments?post=10180"}],"version-history":[{"count":2,"href":"https:\/\/www.fampa-valencia.org\/es\/wp-json\/wp\/v2\/pages\/10180\/revisions"}],"predecessor-version":[{"id":12266,"href":"https:\/\/www.fampa-valencia.org\/es\/wp-json\/wp\/v2\/pages\/10180\/revisions\/12266"}],"wp:attachment":[{"href":"https:\/\/www.fampa-valencia.org\/es\/wp-json\/wp\/v2\/media?parent=10180"}],"curies":[{"name":"wp","href":"https:\/\/api.w.org\/{rel}","templated":true}]}}

<p>Las políticas educativas, dentro de la atención a todo el alumnado, debe de poner su foco en el alumnado que, por su propia naturaleza, tiene altas capacidades o talentos específicos. Ha habido un crecimiento debido a la atención más personalizada que se está realizando en los centros y en la familia.</p>



<p>En este curso trataremos tres bloques esenciales, sensibilización, detección e identificación, e intervención educativa y familiar.</p>

<p>Las políticas educativas, dentro de la atención a todo el alumnado, debe de poner su foco en el alumnado que, por su propia naturaleza, tiene altas [&hellip;]</p>

<!-- This site is optimized with the Yoast SEO plugin v19.2 - https://yoast.com/wordpress/plugins/seo/ -->
<title>Altas capacidades | FAMPA València</title>
<meta name="robots" content="index, follow, max-snippet:-1, max-image-preview:large, max-video-preview:-1" />
<link rel="canonical" href="https://www.fampa-valencia.org/es/responsabilidad-civil-y-penal-de-los-menores/" />
<meta property="og:locale" content="es_ES" />
<meta property="og:type" content="article" />
<meta property="og:title" content="Altas capacidades | FAMPA València" />
<meta property="og:description" content="Las políticas educativas, dentro de la atención a todo el alumnado, debe de poner su foco en el alumnado que, por su propia naturaleza, tiene altas [&hellip;]" />
<meta property="og:url" content="https://www.fampa-valencia.org/es/responsabilidad-civil-y-penal-de-los-menores/" />
<meta property="og:site_name" content="FAMPA València" />
<meta property="article:publisher" content="https://www.facebook.com/fapa.valencia/?fref=ts" />
<meta property="article:modified_time" content="2024-09-11T10:23:58+00:00" />
<meta name="author" content="FAMPA València" />
<meta name="twitter:card" content="summary" />
<meta name="twitter:site" content="@FAPAValencia" />
<meta name="twitter:label1" content="Tiempo de lectura" />
	<meta name="twitter:data1" content="1 minuto" />
<script type="application/ld+json" class="yoast-schema-graph">{"@context":"https://schema.org","@graph":[{"@type":"WebSite","@id":"https://www.fampa-valencia.org/#website","url":"https://www.fampa-valencia.org/","name":"FAMPA València","description":"Fampa-Valencia. Federación de Asociaciones de Padres i Madres de Alumnos Provincia de Valencia","potentialAction":[{"@type":"SearchAction","target":{"@type":"EntryPoint","urlTemplate":"https://www.fampa-valencia.org/?s={search_term_string}"},"query-input":"required name=search_term_string"}],"inLanguage":"es"},{"@type":"WebPage","@id":"https://www.fampa-valencia.org/es/responsabilidad-civil-y-penal-de-los-menores/#webpage","url":"https://www.fampa-valencia.org/es/responsabilidad-civil-y-penal-de-los-menores/","name":"Altas capacidades | FAMPA València","isPartOf":{"@id":"https://www.fampa-valencia.org/#website"},"datePublished":"2022-10-03T11:22:19+00:00","dateModified":"2024-09-11T10:23:58+00:00","breadcrumb":{"@id":"https://www.fampa-valencia.org/es/responsabilidad-civil-y-penal-de-los-menores/#breadcrumb"},"inLanguage":"es","potentialAction":[{"@type":"ReadAction","target":["https://www.fampa-valencia.org/es/responsabilidad-civil-y-penal-de-los-menores/"]}]},{"@type":"BreadcrumbList","@id":"https://www.fampa-valencia.org/es/responsabilidad-civil-y-penal-de-los-menores/#breadcrumb","itemListElement":[{"@type":"ListItem","position":1,"name":"Inici","item":"https://www.fampa-valencia.org/es/"},{"@type":"ListItem","position":2,"name":"Altas capacidades"}]}]}</script>
<!-- / Yoast SEO plugin. -->

Altas capacidades | FAMPA València

Las políticas educativas, dentro de la atención a todo el alumnado, debe de poner su foco en el alumnado que, por su propia naturaleza, tiene altas [&hellip;]

FAMPA València

Fampa-Valencia. Federación de Asociaciones de Padres i Madres de Alumnos Provincia de Valencia
